{"id":1122,"date":"2016-03-29T15:37:17","date_gmt":"2016-03-29T14:37:17","guid":{"rendered":"http:\/\/marneantic.com\/index.php\/produit\/soupiere-en-faience-de-choisy-le-roi-debut-20ememodele-bordeaux\/"},"modified":"2016-10-17T16:15:36","modified_gmt":"2016-10-17T15:15:36","slug":"soupiere-en-faience-de-choisy-le-roi-debut-20ememodele-bordeaux","status":"publish","type":"product","link":"https:\/\/marneantic.com\/index.php\/produit\/soupiere-en-faience-de-choisy-le-roi-debut-20ememodele-bordeaux\/","title":{"rendered":"Soupiere en fa\u00efence de Choisy le roi d\u00e9but 20\u00e8me,mod\u00e8le Bordeaux"},"content":{"rendered":"","protected":false},"excerpt":{"rendered":"<p>Soupi\u00e8re en fa\u00efence de Choisy le roi,fin 19\u00e8me d\u00e9but 20\u00e8me,mod\u00e8le Bordeaux,en tr\u00e8s bon \u00e9tat<\/p>\n","protected":false},"featured_media":1123,"comment_status":"closed","ping_status":"closed","template":"","meta":{"_et_pb_use_builder":"","_et_pb_old_content":"","_et_gb_content_width":""},"product_cat":[28,7],"product_tag":[],"_links":{"self":[{"href":"https:\/\/marneantic.com\/index.php\/wp-json\/wp\/v2\/product\/1122"}],"collection":[{"href":"https:\/\/marneantic.com\/index.php\/wp-json\/wp\/v2\/product"}],"about":[{"href":"https:\/\/marneantic.com\/index.php\/wp-json\/wp\/v2\/types\/product"}],"replies":[{"embeddable":true,"href":"https:\/\/marneantic.com\/index.php\/wp-json\/wp\/v2\/comments?post=1122"}],"wp:featuredmedia":[{"embeddable":true,"href":"https:\/\/marneantic.com\/index.php\/wp-json\/wp\/v2\/media\/1123"}],"wp:attachment":[{"href":"https:\/\/marneantic.com\/index.php\/wp-json\/wp\/v2\/media?parent=1122"}],"wp:term":[{"taxonomy":"product_cat","embeddable":true,"href":"https:\/\/marneantic.com\/index.php\/wp-json\/wp\/v2\/product_cat?post=1122"},{"taxonomy":"product_tag","embeddable":true,"href":"https:\/\/marneantic.com\/index.php\/wp-json\/wp\/v2\/product_tag?post=1122"}],"curies":[{"name":"wp","href":"https:\/\/api.w.org\/{rel}","templated":true}]}}