{"id":11291,"date":"2020-05-16T15:54:47","date_gmt":"2020-05-16T14:54:47","guid":{"rendered":"https:\/\/marneantic.com\/?post_type=product&#038;p=11291"},"modified":"2020-10-17T14:32:30","modified_gmt":"2020-10-17T13:32:30","slug":"encrier-triple-ancien-en-verre-vallerysthal","status":"publish","type":"product","link":"https:\/\/marneantic.com\/index.php\/produit\/encrier-triple-ancien-en-verre-vallerysthal\/","title":{"rendered":"Encrier triple ancien en verre VALLERYSTHAL"},"content":{"rendered":"","protected":false},"excerpt":{"rendered":"<p>Encrier triple ancien en verre de Vallerysthal avec couvercle en \u00e9tain<br \/>\nDimensions : 25 cm x 9,5 cm, hauteur : 9 cm.<br \/>\ntr\u00e8s bon \u00e9tat,sans \u00e9clats ni f\u00eales<\/p>\n","protected":false},"featured_media":11292,"comment_status":"open","ping_status":"closed","template":"","meta":{"_et_pb_use_builder":"","_et_pb_old_content":"","_et_gb_content_width":""},"product_cat":[14,8],"product_tag":[],"_links":{"self":[{"href":"https:\/\/marneantic.com\/index.php\/wp-json\/wp\/v2\/product\/11291"}],"collection":[{"href":"https:\/\/marneantic.com\/index.php\/wp-json\/wp\/v2\/product"}],"about":[{"href":"https:\/\/marneantic.com\/index.php\/wp-json\/wp\/v2\/types\/product"}],"replies":[{"embeddable":true,"href":"https:\/\/marneantic.com\/index.php\/wp-json\/wp\/v2\/comments?post=11291"}],"wp:featuredmedia":[{"embeddable":true,"href":"https:\/\/marneantic.com\/index.php\/wp-json\/wp\/v2\/media\/11292"}],"wp:attachment":[{"href":"https:\/\/marneantic.com\/index.php\/wp-json\/wp\/v2\/media?parent=11291"}],"wp:term":[{"taxonomy":"product_cat","embeddable":true,"href":"https:\/\/marneantic.com\/index.php\/wp-json\/wp\/v2\/product_cat?post=11291"},{"taxonomy":"product_tag","embeddable":true,"href":"https:\/\/marneantic.com\/index.php\/wp-json\/wp\/v2\/product_tag?post=11291"}],"curies":[{"name":"wp","href":"https:\/\/api.w.org\/{rel}","templated":true}]}}