{"id":11646,"date":"2020-06-22T16:35:29","date_gmt":"2020-06-22T15:35:29","guid":{"rendered":"https:\/\/marneantic.com\/?post_type=product&#038;p=11646"},"modified":"2020-06-22T16:39:24","modified_gmt":"2020-06-22T15:39:24","slug":"grand-verre-de-table-ancien-3","status":"publish","type":"product","link":"https:\/\/marneantic.com\/index.php\/produit\/grand-verre-de-table-ancien-3\/","title":{"rendered":"Grand Verre de table ancien"},"content":{"rendered":"","protected":false},"excerpt":{"rendered":"<p>Grand Verre de table ancien,en bon \u00e9tat,hauteur:14.5cm,diam\u00e8tre du buvant:7.8cm,diam\u00e8tre du pied:7.7cm<\/p>\n","protected":false},"featured_media":11648,"comment_status":"closed","ping_status":"closed","template":"","meta":{"_et_pb_use_builder":"","_et_pb_old_content":"","_et_gb_content_width":""},"product_cat":[10,11],"product_tag":[],"_links":{"self":[{"href":"https:\/\/marneantic.com\/index.php\/wp-json\/wp\/v2\/product\/11646"}],"collection":[{"href":"https:\/\/marneantic.com\/index.php\/wp-json\/wp\/v2\/product"}],"about":[{"href":"https:\/\/marneantic.com\/index.php\/wp-json\/wp\/v2\/types\/product"}],"replies":[{"embeddable":true,"href":"https:\/\/marneantic.com\/index.php\/wp-json\/wp\/v2\/comments?post=11646"}],"wp:featuredmedia":[{"embeddable":true,"href":"https:\/\/marneantic.com\/index.php\/wp-json\/wp\/v2\/media\/11648"}],"wp:attachment":[{"href":"https:\/\/marneantic.com\/index.php\/wp-json\/wp\/v2\/media?parent=11646"}],"wp:term":[{"taxonomy":"product_cat","embeddable":true,"href":"https:\/\/marneantic.com\/index.php\/wp-json\/wp\/v2\/product_cat?post=11646"},{"taxonomy":"product_tag","embeddable":true,"href":"https:\/\/marneantic.com\/index.php\/wp-json\/wp\/v2\/product_tag?post=11646"}],"curies":[{"name":"wp","href":"https:\/\/api.w.org\/{rel}","templated":true}]}}