{"id":12080,"date":"2020-08-11T16:37:39","date_gmt":"2020-08-11T15:37:39","guid":{"rendered":"https:\/\/marneantic.com\/?post_type=product&#038;p=12080"},"modified":"2020-08-11T16:45:08","modified_gmt":"2020-08-11T15:45:08","slug":"cafetiere-ancienne-en-porcelaine-tcheque","status":"publish","type":"product","link":"https:\/\/marneantic.com\/index.php\/produit\/cafetiere-ancienne-en-porcelaine-tcheque\/","title":{"rendered":"Cafeti\u00e8re ancienne en porcelaine Tch\u00e8que"},"content":{"rendered":"","protected":false},"excerpt":{"rendered":"<p>Cafeti\u00e8re ancienne en porcelaine Tch\u00e8que vers 1930, en parfait \u00e9tat,hauteur totale:21cm,largeur:12.5cm hors bec et poign\u00e9e,profondeur:10cm<\/p>\n","protected":false},"featured_media":12081,"comment_status":"closed","ping_status":"closed","template":"","meta":{"_et_pb_use_builder":"","_et_pb_old_content":"","_et_gb_content_width":""},"product_cat":[26,7],"product_tag":[],"_links":{"self":[{"href":"https:\/\/marneantic.com\/index.php\/wp-json\/wp\/v2\/product\/12080"}],"collection":[{"href":"https:\/\/marneantic.com\/index.php\/wp-json\/wp\/v2\/product"}],"about":[{"href":"https:\/\/marneantic.com\/index.php\/wp-json\/wp\/v2\/types\/product"}],"replies":[{"embeddable":true,"href":"https:\/\/marneantic.com\/index.php\/wp-json\/wp\/v2\/comments?post=12080"}],"wp:featuredmedia":[{"embeddable":true,"href":"https:\/\/marneantic.com\/index.php\/wp-json\/wp\/v2\/media\/12081"}],"wp:attachment":[{"href":"https:\/\/marneantic.com\/index.php\/wp-json\/wp\/v2\/media?parent=12080"}],"wp:term":[{"taxonomy":"product_cat","embeddable":true,"href":"https:\/\/marneantic.com\/index.php\/wp-json\/wp\/v2\/product_cat?post=12080"},{"taxonomy":"product_tag","embeddable":true,"href":"https:\/\/marneantic.com\/index.php\/wp-json\/wp\/v2\/product_tag?post=12080"}],"curies":[{"name":"wp","href":"https:\/\/api.w.org\/{rel}","templated":true}]}}