{"id":12269,"date":"2020-09-22T09:28:59","date_gmt":"2020-09-22T08:28:59","guid":{"rendered":"https:\/\/marneantic.com\/?post_type=product&#038;p=12269"},"modified":"2020-09-22T09:35:39","modified_gmt":"2020-09-22T08:35:39","slug":"petit-plat-creux-ancien-en-porcelaine-bourgeois-paris","status":"publish","type":"product","link":"https:\/\/marneantic.com\/index.php\/produit\/petit-plat-creux-ancien-en-porcelaine-bourgeois-paris\/","title":{"rendered":"Petit plat creux ancien en porcelaine-Bourgeois Paris"},"content":{"rendered":"","protected":false},"excerpt":{"rendered":"<p>petit plat creux ancien(d\u00e9but 20eme) en porcelaine-Bourgeois Paris rue Drouot,en tr\u00e8s bon \u00e9tat,sans \u00e9clats ni f\u00eales,longueur:25.5cm,largeur:13.8cm,hauteur:3.5cm<\/p>\n","protected":false},"featured_media":12272,"comment_status":"closed","ping_status":"closed","template":"","meta":{"_et_pb_use_builder":"","_et_pb_old_content":"","_et_gb_content_width":""},"product_cat":[28,7],"product_tag":[],"_links":{"self":[{"href":"https:\/\/marneantic.com\/index.php\/wp-json\/wp\/v2\/product\/12269"}],"collection":[{"href":"https:\/\/marneantic.com\/index.php\/wp-json\/wp\/v2\/product"}],"about":[{"href":"https:\/\/marneantic.com\/index.php\/wp-json\/wp\/v2\/types\/product"}],"replies":[{"embeddable":true,"href":"https:\/\/marneantic.com\/index.php\/wp-json\/wp\/v2\/comments?post=12269"}],"wp:featuredmedia":[{"embeddable":true,"href":"https:\/\/marneantic.com\/index.php\/wp-json\/wp\/v2\/media\/12272"}],"wp:attachment":[{"href":"https:\/\/marneantic.com\/index.php\/wp-json\/wp\/v2\/media?parent=12269"}],"wp:term":[{"taxonomy":"product_cat","embeddable":true,"href":"https:\/\/marneantic.com\/index.php\/wp-json\/wp\/v2\/product_cat?post=12269"},{"taxonomy":"product_tag","embeddable":true,"href":"https:\/\/marneantic.com\/index.php\/wp-json\/wp\/v2\/product_tag?post=12269"}],"curies":[{"name":"wp","href":"https:\/\/api.w.org\/{rel}","templated":true}]}}