{"id":12352,"date":"2020-09-28T15:38:54","date_gmt":"2020-09-28T14:38:54","guid":{"rendered":"https:\/\/marneantic.com\/?post_type=product&#038;p=12352"},"modified":"2020-09-28T15:45:13","modified_gmt":"2020-09-28T14:45:13","slug":"flacon-de-parfum-19eme-en-cristal-bouchon-en-argent-monogramme-2","status":"publish","type":"product","link":"https:\/\/marneantic.com\/index.php\/produit\/flacon-de-parfum-19eme-en-cristal-bouchon-en-argent-monogramme-2\/","title":{"rendered":"flacon de parfum 19eme en cristal-bouchon en argent monogramm\u00e9"},"content":{"rendered":"","protected":false},"excerpt":{"rendered":"<p>flacon de parfum 19eme en cristal avec capuchon et monture en argent(poin\u00e7on t\u00eate de sanglier) monogramm\u00e9,en tres bon \u00e9tat, \u00e0 signaler une petite bosse sur le capuchon et le bouchon en verre est coinc\u00e9)forme ovale a facettes,hauteur:13cm,largeur:6.5cm,profondeur:4.5cm<\/p>\n","protected":false},"featured_media":12353,"comment_status":"closed","ping_status":"closed","template":"","meta":{"_et_pb_use_builder":"","_et_pb_old_content":"","_et_gb_content_width":""},"product_cat":[14,8],"product_tag":[],"_links":{"self":[{"href":"https:\/\/marneantic.com\/index.php\/wp-json\/wp\/v2\/product\/12352"}],"collection":[{"href":"https:\/\/marneantic.com\/index.php\/wp-json\/wp\/v2\/product"}],"about":[{"href":"https:\/\/marneantic.com\/index.php\/wp-json\/wp\/v2\/types\/product"}],"replies":[{"embeddable":true,"href":"https:\/\/marneantic.com\/index.php\/wp-json\/wp\/v2\/comments?post=12352"}],"wp:featuredmedia":[{"embeddable":true,"href":"https:\/\/marneantic.com\/index.php\/wp-json\/wp\/v2\/media\/12353"}],"wp:attachment":[{"href":"https:\/\/marneantic.com\/index.php\/wp-json\/wp\/v2\/media?parent=12352"}],"wp:term":[{"taxonomy":"product_cat","embeddable":true,"href":"https:\/\/marneantic.com\/index.php\/wp-json\/wp\/v2\/product_cat?post=12352"},{"taxonomy":"product_tag","embeddable":true,"href":"https:\/\/marneantic.com\/index.php\/wp-json\/wp\/v2\/product_tag?post=12352"}],"curies":[{"name":"wp","href":"https:\/\/api.w.org\/{rel}","templated":true}]}}