{"id":12619,"date":"2020-10-14T15:45:03","date_gmt":"2020-10-14T14:45:03","guid":{"rendered":"https:\/\/marneantic.com\/?post_type=product&#038;p=12619"},"modified":"2020-10-14T15:50:59","modified_gmt":"2020-10-14T14:50:59","slug":"verre-a-liqueur-en-cristal-de-st-louis","status":"publish","type":"product","link":"https:\/\/marneantic.com\/index.php\/produit\/verre-a-liqueur-en-cristal-de-st-louis\/","title":{"rendered":"verre a liqueur en cristal de ST-LOUIS"},"content":{"rendered":"","protected":false},"excerpt":{"rendered":"<p>verre a liqueur en cristal de ST-LOUIS,estampill\u00e9,en tr\u00e8s bon \u00e9tat,hauteur:8.5cm,diam\u00e8tre du buvant:4.5cm,diam\u00e8tre du pied:5.8cm<\/p>\n","protected":false},"featured_media":12621,"comment_status":"closed","ping_status":"closed","template":"","meta":{"_et_pb_use_builder":"","_et_pb_old_content":"","_et_gb_content_width":""},"product_cat":[10,11],"product_tag":[],"_links":{"self":[{"href":"https:\/\/marneantic.com\/index.php\/wp-json\/wp\/v2\/product\/12619"}],"collection":[{"href":"https:\/\/marneantic.com\/index.php\/wp-json\/wp\/v2\/product"}],"about":[{"href":"https:\/\/marneantic.com\/index.php\/wp-json\/wp\/v2\/types\/product"}],"replies":[{"embeddable":true,"href":"https:\/\/marneantic.com\/index.php\/wp-json\/wp\/v2\/comments?post=12619"}],"wp:featuredmedia":[{"embeddable":true,"href":"https:\/\/marneantic.com\/index.php\/wp-json\/wp\/v2\/media\/12621"}],"wp:attachment":[{"href":"https:\/\/marneantic.com\/index.php\/wp-json\/wp\/v2\/media?parent=12619"}],"wp:term":[{"taxonomy":"product_cat","embeddable":true,"href":"https:\/\/marneantic.com\/index.php\/wp-json\/wp\/v2\/product_cat?post=12619"},{"taxonomy":"product_tag","embeddable":true,"href":"https:\/\/marneantic.com\/index.php\/wp-json\/wp\/v2\/product_tag?post=12619"}],"curies":[{"name":"wp","href":"https:\/\/api.w.org\/{rel}","templated":true}]}}