{"id":12861,"date":"2020-11-06T17:07:32","date_gmt":"2020-11-06T16:07:32","guid":{"rendered":"https:\/\/marneantic.com\/?post_type=product&#038;p=12861"},"modified":"2020-11-06T17:14:18","modified_gmt":"2020-11-06T16:14:18","slug":"flute-a-champagne-19eme-en-cristal","status":"publish","type":"product","link":"https:\/\/marneantic.com\/index.php\/produit\/flute-a-champagne-19eme-en-cristal\/","title":{"rendered":"Flute a champagne 19eme en cristal"},"content":{"rendered":"","protected":false},"excerpt":{"rendered":"<p>flute a champagne 19eme en cristal,en tr\u00e8s bon \u00e9tat,hauteur:17.2cm,diam\u00e8tre du buvant:5.5cm,diam\u00e8tre du pied:7cm<\/p>\n","protected":false},"featured_media":12862,"comment_status":"closed","ping_status":"closed","template":"","meta":{"_et_pb_use_builder":"","_et_pb_old_content":"","_et_gb_content_width":""},"product_cat":[10,11],"product_tag":[],"_links":{"self":[{"href":"https:\/\/marneantic.com\/index.php\/wp-json\/wp\/v2\/product\/12861"}],"collection":[{"href":"https:\/\/marneantic.com\/index.php\/wp-json\/wp\/v2\/product"}],"about":[{"href":"https:\/\/marneantic.com\/index.php\/wp-json\/wp\/v2\/types\/product"}],"replies":[{"embeddable":true,"href":"https:\/\/marneantic.com\/index.php\/wp-json\/wp\/v2\/comments?post=12861"}],"wp:featuredmedia":[{"embeddable":true,"href":"https:\/\/marneantic.com\/index.php\/wp-json\/wp\/v2\/media\/12862"}],"wp:attachment":[{"href":"https:\/\/marneantic.com\/index.php\/wp-json\/wp\/v2\/media?parent=12861"}],"wp:term":[{"taxonomy":"product_cat","embeddable":true,"href":"https:\/\/marneantic.com\/index.php\/wp-json\/wp\/v2\/product_cat?post=12861"},{"taxonomy":"product_tag","embeddable":true,"href":"https:\/\/marneantic.com\/index.php\/wp-json\/wp\/v2\/product_tag?post=12861"}],"curies":[{"name":"wp","href":"https:\/\/api.w.org\/{rel}","templated":true}]}}