{"id":13281,"date":"2020-12-14T16:54:22","date_gmt":"2020-12-14T15:54:22","guid":{"rendered":"https:\/\/marneantic.com\/?post_type=product&#038;p=13281"},"modified":"2020-12-14T17:02:40","modified_gmt":"2020-12-14T16:02:40","slug":"poudrier-ancien-en-laiton-travaille","status":"publish","type":"product","link":"https:\/\/marneantic.com\/index.php\/produit\/poudrier-ancien-en-laiton-travaille\/","title":{"rendered":"Poudrier ancien en laiton travaill\u00e9"},"content":{"rendered":"","protected":false},"excerpt":{"rendered":"<p>Poudrier ancien en laiton travaill\u00e9 a d\u00e9cor de personnage remettant une lettre,dans le gout du 18eme;en tr\u00e8s bon \u00e9tat,complet,diametre:4cm,hauteur:1.3cm<\/p>\n","protected":false},"featured_media":13282,"comment_status":"open","ping_status":"closed","template":"","meta":{"_et_pb_use_builder":"","_et_pb_old_content":"","_et_gb_content_width":""},"product_cat":[14],"product_tag":[],"_links":{"self":[{"href":"https:\/\/marneantic.com\/index.php\/wp-json\/wp\/v2\/product\/13281"}],"collection":[{"href":"https:\/\/marneantic.com\/index.php\/wp-json\/wp\/v2\/product"}],"about":[{"href":"https:\/\/marneantic.com\/index.php\/wp-json\/wp\/v2\/types\/product"}],"replies":[{"embeddable":true,"href":"https:\/\/marneantic.com\/index.php\/wp-json\/wp\/v2\/comments?post=13281"}],"wp:featuredmedia":[{"embeddable":true,"href":"https:\/\/marneantic.com\/index.php\/wp-json\/wp\/v2\/media\/13282"}],"wp:attachment":[{"href":"https:\/\/marneantic.com\/index.php\/wp-json\/wp\/v2\/media?parent=13281"}],"wp:term":[{"taxonomy":"product_cat","embeddable":true,"href":"https:\/\/marneantic.com\/index.php\/wp-json\/wp\/v2\/product_cat?post=13281"},{"taxonomy":"product_tag","embeddable":true,"href":"https:\/\/marneantic.com\/index.php\/wp-json\/wp\/v2\/product_tag?post=13281"}],"curies":[{"name":"wp","href":"https:\/\/api.w.org\/{rel}","templated":true}]}}