{"id":14110,"date":"2021-04-10T17:30:14","date_gmt":"2021-04-10T16:30:14","guid":{"rendered":"https:\/\/marneantic.com\/?post_type=product&#038;p=14110"},"modified":"2021-04-10T17:36:13","modified_gmt":"2021-04-10T16:36:13","slug":"collier-sautoir-fantaisie-vintage-en-verre-2","status":"publish","type":"product","link":"https:\/\/marneantic.com\/index.php\/produit\/collier-sautoir-fantaisie-vintage-en-verre-2\/","title":{"rendered":"Collier\/sautoir fantaisie vintage en verre"},"content":{"rendered":"","protected":false},"excerpt":{"rendered":"<p>Collier\/sautoir ras de cou fantaisie vintage en perles de verre de diff\u00e9rents diametres,en tr\u00e8s bon \u00e9tat,longueur ouvert:39cm<\/p>\n","protected":false},"featured_media":14111,"comment_status":"closed","ping_status":"closed","template":"","meta":{"_et_pb_use_builder":"","_et_pb_old_content":"","_et_gb_content_width":""},"product_cat":[18],"product_tag":[],"_links":{"self":[{"href":"https:\/\/marneantic.com\/index.php\/wp-json\/wp\/v2\/product\/14110"}],"collection":[{"href":"https:\/\/marneantic.com\/index.php\/wp-json\/wp\/v2\/product"}],"about":[{"href":"https:\/\/marneantic.com\/index.php\/wp-json\/wp\/v2\/types\/product"}],"replies":[{"embeddable":true,"href":"https:\/\/marneantic.com\/index.php\/wp-json\/wp\/v2\/comments?post=14110"}],"wp:featuredmedia":[{"embeddable":true,"href":"https:\/\/marneantic.com\/index.php\/wp-json\/wp\/v2\/media\/14111"}],"wp:attachment":[{"href":"https:\/\/marneantic.com\/index.php\/wp-json\/wp\/v2\/media?parent=14110"}],"wp:term":[{"taxonomy":"product_cat","embeddable":true,"href":"https:\/\/marneantic.com\/index.php\/wp-json\/wp\/v2\/product_cat?post=14110"},{"taxonomy":"product_tag","embeddable":true,"href":"https:\/\/marneantic.com\/index.php\/wp-json\/wp\/v2\/product_tag?post=14110"}],"curies":[{"name":"wp","href":"https:\/\/api.w.org\/{rel}","templated":true}]}}