{"id":14513,"date":"2021-06-21T16:37:00","date_gmt":"2021-06-21T15:37:00","guid":{"rendered":"https:\/\/marneantic.com\/?post_type=product&#038;p=14513"},"modified":"2024-04-27T17:51:28","modified_gmt":"2024-04-27T16:51:28","slug":"tasse-a-the-ancienne-en-porcelaine-de-limoges-copie","status":"publish","type":"product","link":"https:\/\/marneantic.com\/index.php\/produit\/tasse-a-the-ancienne-en-porcelaine-de-limoges-copie\/","title":{"rendered":"Tasse a th\u00e9 ancienne en porcelaine de Limoges"},"content":{"rendered":"","protected":false},"excerpt":{"rendered":"<p><span style=\"font-size: large;\">tasse a th\u00e9 ancienne en porcelaine de Limoges(manufacture LEGRAND vers 1925) en tr\u00e8s bon \u00e9tat<\/span><\/p>\n<div><span style=\"font-size: large;\">tasse hauteur:5.5cm<\/span><\/div>\n<div><span style=\"font-size: large;\">diametre:8.5cm<\/span><\/div>\n<div><span style=\"font-size: large;\">diam\u00e8tre soucoupe:14.3cm<\/span><\/div>\n","protected":false},"featured_media":14514,"comment_status":"closed","ping_status":"closed","template":"","meta":{"_et_pb_use_builder":"","_et_pb_old_content":"","_et_gb_content_width":""},"product_cat":[26,7],"product_tag":[],"_links":{"self":[{"href":"https:\/\/marneantic.com\/index.php\/wp-json\/wp\/v2\/product\/14513"}],"collection":[{"href":"https:\/\/marneantic.com\/index.php\/wp-json\/wp\/v2\/product"}],"about":[{"href":"https:\/\/marneantic.com\/index.php\/wp-json\/wp\/v2\/types\/product"}],"replies":[{"embeddable":true,"href":"https:\/\/marneantic.com\/index.php\/wp-json\/wp\/v2\/comments?post=14513"}],"wp:featuredmedia":[{"embeddable":true,"href":"https:\/\/marneantic.com\/index.php\/wp-json\/wp\/v2\/media\/14514"}],"wp:attachment":[{"href":"https:\/\/marneantic.com\/index.php\/wp-json\/wp\/v2\/media?parent=14513"}],"wp:term":[{"taxonomy":"product_cat","embeddable":true,"href":"https:\/\/marneantic.com\/index.php\/wp-json\/wp\/v2\/product_cat?post=14513"},{"taxonomy":"product_tag","embeddable":true,"href":"https:\/\/marneantic.com\/index.php\/wp-json\/wp\/v2\/product_tag?post=14513"}],"curies":[{"name":"wp","href":"https:\/\/api.w.org\/{rel}","templated":true}]}}