{"id":14694,"date":"2021-08-21T14:51:19","date_gmt":"2021-08-21T13:51:19","guid":{"rendered":"https:\/\/marneantic.com\/?post_type=product&#038;p=14694"},"modified":"2021-08-21T15:03:08","modified_gmt":"2021-08-21T14:03:08","slug":"plat-vintage-en-faience-de-sarreguemines-imitation-gres","status":"publish","type":"product","link":"https:\/\/marneantic.com\/index.php\/produit\/plat-vintage-en-faience-de-sarreguemines-imitation-gres\/","title":{"rendered":"Plat vintage en fa\u00efence de Sarreguemines imitation gr\u00e8s"},"content":{"rendered":"","protected":false},"excerpt":{"rendered":"<p>Plat vintage en fa\u00efence de Sarreguemines imitation gr\u00e8s,en tr\u00e8s bon \u00e9tat,longueur:37cm,largeur:27cm,hauteur:3cm<\/p>\n","protected":false},"featured_media":14695,"comment_status":"closed","ping_status":"closed","template":"","meta":{"_et_pb_use_builder":"","_et_pb_old_content":"","_et_gb_content_width":""},"product_cat":[28,16,7],"product_tag":[],"_links":{"self":[{"href":"https:\/\/marneantic.com\/index.php\/wp-json\/wp\/v2\/product\/14694"}],"collection":[{"href":"https:\/\/marneantic.com\/index.php\/wp-json\/wp\/v2\/product"}],"about":[{"href":"https:\/\/marneantic.com\/index.php\/wp-json\/wp\/v2\/types\/product"}],"replies":[{"embeddable":true,"href":"https:\/\/marneantic.com\/index.php\/wp-json\/wp\/v2\/comments?post=14694"}],"wp:featuredmedia":[{"embeddable":true,"href":"https:\/\/marneantic.com\/index.php\/wp-json\/wp\/v2\/media\/14695"}],"wp:attachment":[{"href":"https:\/\/marneantic.com\/index.php\/wp-json\/wp\/v2\/media?parent=14694"}],"wp:term":[{"taxonomy":"product_cat","embeddable":true,"href":"https:\/\/marneantic.com\/index.php\/wp-json\/wp\/v2\/product_cat?post=14694"},{"taxonomy":"product_tag","embeddable":true,"href":"https:\/\/marneantic.com\/index.php\/wp-json\/wp\/v2\/product_tag?post=14694"}],"curies":[{"name":"wp","href":"https:\/\/api.w.org\/{rel}","templated":true}]}}