{"id":14914,"date":"2021-09-08T15:03:14","date_gmt":"2021-09-08T14:03:14","guid":{"rendered":"https:\/\/marneantic.com\/?post_type=product&#038;p=14914"},"modified":"2021-09-08T15:17:19","modified_gmt":"2021-09-08T14:17:19","slug":"grand-verre-emaille-ancien-decor-doeillets","status":"publish","type":"product","link":"https:\/\/marneantic.com\/index.php\/produit\/grand-verre-emaille-ancien-decor-doeillets\/","title":{"rendered":"Grand verre \u00e9maill\u00e9 ancien, d\u00e9cor d&rsquo;\u0153illets"},"content":{"rendered":"","protected":false},"excerpt":{"rendered":"<p>Grand verre \u00e9maill\u00e9 ancien, d\u00e9cor d&rsquo;\u0153illets en bon \u00e9tat (pr\u00e9sence de micros \u00e9grenures sur le rebord),hauteur:14.2cm,diametre:7.2cm<\/p>\n","protected":false},"featured_media":14915,"comment_status":"closed","ping_status":"closed","template":"","meta":{"_et_pb_use_builder":"","_et_pb_old_content":"","_et_gb_content_width":""},"product_cat":[10,14,11],"product_tag":[],"_links":{"self":[{"href":"https:\/\/marneantic.com\/index.php\/wp-json\/wp\/v2\/product\/14914"}],"collection":[{"href":"https:\/\/marneantic.com\/index.php\/wp-json\/wp\/v2\/product"}],"about":[{"href":"https:\/\/marneantic.com\/index.php\/wp-json\/wp\/v2\/types\/product"}],"replies":[{"embeddable":true,"href":"https:\/\/marneantic.com\/index.php\/wp-json\/wp\/v2\/comments?post=14914"}],"wp:featuredmedia":[{"embeddable":true,"href":"https:\/\/marneantic.com\/index.php\/wp-json\/wp\/v2\/media\/14915"}],"wp:attachment":[{"href":"https:\/\/marneantic.com\/index.php\/wp-json\/wp\/v2\/media?parent=14914"}],"wp:term":[{"taxonomy":"product_cat","embeddable":true,"href":"https:\/\/marneantic.com\/index.php\/wp-json\/wp\/v2\/product_cat?post=14914"},{"taxonomy":"product_tag","embeddable":true,"href":"https:\/\/marneantic.com\/index.php\/wp-json\/wp\/v2\/product_tag?post=14914"}],"curies":[{"name":"wp","href":"https:\/\/api.w.org\/{rel}","templated":true}]}}

Grand verre émaillé ancien, décor d&rsquo;œillets

<p>Grand verre émaillé ancien, décor d&rsquo;œillets en bon état (présence de micros égrenures sur le rebord),hauteur:14.2cm,diametre:7.2cm</p>
