{"id":15053,"date":"2021-09-20T14:06:20","date_gmt":"2021-09-20T13:06:20","guid":{"rendered":"https:\/\/marneantic.com\/?post_type=product&#038;p=15053"},"modified":"2021-09-20T14:08:39","modified_gmt":"2021-09-20T13:08:39","slug":"paire-de-salieres-anciennes-en-cristal-boite-dorigine","status":"publish","type":"product","link":"https:\/\/marneantic.com\/index.php\/produit\/paire-de-salieres-anciennes-en-cristal-boite-dorigine\/","title":{"rendered":"Paire de sali\u00e8res anciennes en cristal, boite d&rsquo;origine"},"content":{"rendered":"","protected":false},"excerpt":{"rendered":"<p><span><span style=\"font-family: Arial;\">Paire de sali\u00e8res anciennes en cristal, boite d&rsquo;origine, en tr\u00e8s bon \u00e9tat,<\/span><\/span>dimensions:5.5&#215;5.5cm,hauteur:2.3cm<\/p>\n<div><\/div>\n","protected":false},"featured_media":15054,"comment_status":"closed","ping_status":"closed","template":"","meta":{"_et_pb_use_builder":"","_et_pb_old_content":"","_et_gb_content_width":""},"product_cat":[13,10],"product_tag":[],"_links":{"self":[{"href":"https:\/\/marneantic.com\/index.php\/wp-json\/wp\/v2\/product\/15053"}],"collection":[{"href":"https:\/\/marneantic.com\/index.php\/wp-json\/wp\/v2\/product"}],"about":[{"href":"https:\/\/marneantic.com\/index.php\/wp-json\/wp\/v2\/types\/product"}],"replies":[{"embeddable":true,"href":"https:\/\/marneantic.com\/index.php\/wp-json\/wp\/v2\/comments?post=15053"}],"wp:featuredmedia":[{"embeddable":true,"href":"https:\/\/marneantic.com\/index.php\/wp-json\/wp\/v2\/media\/15054"}],"wp:attachment":[{"href":"https:\/\/marneantic.com\/index.php\/wp-json\/wp\/v2\/media?parent=15053"}],"wp:term":[{"taxonomy":"product_cat","embeddable":true,"href":"https:\/\/marneantic.com\/index.php\/wp-json\/wp\/v2\/product_cat?post=15053"},{"taxonomy":"product_tag","embeddable":true,"href":"https:\/\/marneantic.com\/index.php\/wp-json\/wp\/v2\/product_tag?post=15053"}],"curies":[{"name":"wp","href":"https:\/\/api.w.org\/{rel}","templated":true}]}}