{"id":15164,"date":"2021-10-07T15:45:15","date_gmt":"2021-10-07T14:45:15","guid":{"rendered":"https:\/\/marneantic.com\/?post_type=product&#038;p=15164"},"modified":"2021-10-07T15:45:16","modified_gmt":"2021-10-07T14:45:16","slug":"chien-en-ceramique-art-deco","status":"publish","type":"product","link":"https:\/\/marneantic.com\/index.php\/produit\/chien-en-ceramique-art-deco\/","title":{"rendered":"Chien en c\u00e9ramique art-d\u00e9co"},"content":{"rendered":"","protected":false},"excerpt":{"rendered":"<p><span style=\"font-family: Arial;\">Chien en c\u00e9ramique art-d\u00e9co, en\u00a0tr\u00e8s\u00a0bon \u00e9tat(a signaler un d\u00e9faut\u00a0d&rsquo;\u00e9maillage a l&rsquo;arri\u00e8re\u00a0d&rsquo;une oreille,voir photo)num\u00e9rot\u00e9 sur le rebord du socle a l&rsquo;arri\u00e8re<\/span><\/p>\n<div><span style=\"font-family: Arial;\">hauteur:15cm<\/span><\/div>\n<div><span style=\"font-family: Arial;\">longueur:14.3<\/span><\/div>\n<div><span style=\"font-family: Arial;\">largeur:9.3cm<\/span><\/div>\n","protected":false},"featured_media":15165,"comment_status":"open","ping_status":"closed","template":"","meta":{"_et_pb_use_builder":"","_et_pb_old_content":"","_et_gb_content_width":""},"product_cat":[14,8],"product_tag":[],"_links":{"self":[{"href":"https:\/\/marneantic.com\/index.php\/wp-json\/wp\/v2\/product\/15164"}],"collection":[{"href":"https:\/\/marneantic.com\/index.php\/wp-json\/wp\/v2\/product"}],"about":[{"href":"https:\/\/marneantic.com\/index.php\/wp-json\/wp\/v2\/types\/product"}],"replies":[{"embeddable":true,"href":"https:\/\/marneantic.com\/index.php\/wp-json\/wp\/v2\/comments?post=15164"}],"wp:featuredmedia":[{"embeddable":true,"href":"https:\/\/marneantic.com\/index.php\/wp-json\/wp\/v2\/media\/15165"}],"wp:attachment":[{"href":"https:\/\/marneantic.com\/index.php\/wp-json\/wp\/v2\/media?parent=15164"}],"wp:term":[{"taxonomy":"product_cat","embeddable":true,"href":"https:\/\/marneantic.com\/index.php\/wp-json\/wp\/v2\/product_cat?post=15164"},{"taxonomy":"product_tag","embeddable":true,"href":"https:\/\/marneantic.com\/index.php\/wp-json\/wp\/v2\/product_tag?post=15164"}],"curies":[{"name":"wp","href":"https:\/\/api.w.org\/{rel}","templated":true}]}}