{"id":15280,"date":"2021-10-17T15:27:21","date_gmt":"2021-10-17T14:27:21","guid":{"rendered":"https:\/\/marneantic.com\/?post_type=product&#038;p=15280"},"modified":"2022-02-21T23:28:30","modified_gmt":"2022-02-21T22:28:30","slug":"tasse-a-cafe-art-deco-ancienne-en-porcelaine-2","status":"publish","type":"product","link":"https:\/\/marneantic.com\/index.php\/produit\/tasse-a-cafe-art-deco-ancienne-en-porcelaine-2\/","title":{"rendered":"Tasse \u00e0 caf\u00e9 art-d\u00e9co ancienne en porcelaine"},"content":{"rendered":"","protected":false},"excerpt":{"rendered":"<p><span style=\"font-family: Arial;\">Tasse \u00e0 caf\u00e9 art-d\u00e9co ancienne en porcelaine, en bon \u00e9tat (usure de la dorure par endroits sur les rebords) aucune marque de fabrique<\/span><\/p>\n<div><span style=\"font-family: Arial;\">hauteur:6.5cm<\/span><\/div>\n<div><span style=\"font-family: Arial;\">diametre:6.5cm<\/span><\/div>\n<div>diam\u00e8tre soucoupe:12.7cm<\/div>\n","protected":false},"featured_media":15281,"comment_status":"closed","ping_status":"closed","template":"","meta":{"_et_pb_use_builder":"","_et_pb_old_content":"","_et_gb_content_width":""},"product_cat":[44,26,7],"product_tag":[],"_links":{"self":[{"href":"https:\/\/marneantic.com\/index.php\/wp-json\/wp\/v2\/product\/15280"}],"collection":[{"href":"https:\/\/marneantic.com\/index.php\/wp-json\/wp\/v2\/product"}],"about":[{"href":"https:\/\/marneantic.com\/index.php\/wp-json\/wp\/v2\/types\/product"}],"replies":[{"embeddable":true,"href":"https:\/\/marneantic.com\/index.php\/wp-json\/wp\/v2\/comments?post=15280"}],"wp:featuredmedia":[{"embeddable":true,"href":"https:\/\/marneantic.com\/index.php\/wp-json\/wp\/v2\/media\/15281"}],"wp:attachment":[{"href":"https:\/\/marneantic.com\/index.php\/wp-json\/wp\/v2\/media?parent=15280"}],"wp:term":[{"taxonomy":"product_cat","embeddable":true,"href":"https:\/\/marneantic.com\/index.php\/wp-json\/wp\/v2\/product_cat?post=15280"},{"taxonomy":"product_tag","embeddable":true,"href":"https:\/\/marneantic.com\/index.php\/wp-json\/wp\/v2\/product_tag?post=15280"}],"curies":[{"name":"wp","href":"https:\/\/api.w.org\/{rel}","templated":true}]}}