{"id":15717,"date":"2021-12-06T15:24:23","date_gmt":"2021-12-06T14:24:23","guid":{"rendered":"https:\/\/marneantic.com\/?post_type=product&#038;p=15717"},"modified":"2021-12-06T15:34:05","modified_gmt":"2021-12-06T14:34:05","slug":"plat-creux-ancien-parlant-en-faience-de-st-amand","status":"publish","type":"product","link":"https:\/\/marneantic.com\/index.php\/produit\/plat-creux-ancien-parlant-en-faience-de-st-amand\/","title":{"rendered":"Plat creux ancien parlant en fa\u00efence de St-Amand"},"content":{"rendered":"","protected":false},"excerpt":{"rendered":"<p>Plat creux ancien(d\u00e9but 20eme) parlant en fa\u00efence de St-Amand \u00ab\u00a0le tir a l&rsquo;arc\u00a0\u00bb en bon \u00e9tat sans f\u00eales ni \u00e9clats,diametre:26.5cm,hauteur:4.5cm<\/p>\n<div><\/div>\n","protected":false},"featured_media":15718,"comment_status":"closed","ping_status":"closed","template":"","meta":{"_et_pb_use_builder":"","_et_pb_old_content":"","_et_gb_content_width":""},"product_cat":[28,7],"product_tag":[],"_links":{"self":[{"href":"https:\/\/marneantic.com\/index.php\/wp-json\/wp\/v2\/product\/15717"}],"collection":[{"href":"https:\/\/marneantic.com\/index.php\/wp-json\/wp\/v2\/product"}],"about":[{"href":"https:\/\/marneantic.com\/index.php\/wp-json\/wp\/v2\/types\/product"}],"replies":[{"embeddable":true,"href":"https:\/\/marneantic.com\/index.php\/wp-json\/wp\/v2\/comments?post=15717"}],"wp:featuredmedia":[{"embeddable":true,"href":"https:\/\/marneantic.com\/index.php\/wp-json\/wp\/v2\/media\/15718"}],"wp:attachment":[{"href":"https:\/\/marneantic.com\/index.php\/wp-json\/wp\/v2\/media?parent=15717"}],"wp:term":[{"taxonomy":"product_cat","embeddable":true,"href":"https:\/\/marneantic.com\/index.php\/wp-json\/wp\/v2\/product_cat?post=15717"},{"taxonomy":"product_tag","embeddable":true,"href":"https:\/\/marneantic.com\/index.php\/wp-json\/wp\/v2\/product_tag?post=15717"}],"curies":[{"name":"wp","href":"https:\/\/api.w.org\/{rel}","templated":true}]}}

Plat creux ancien parlant en faïence de St-Amand

<p>Plat creux ancien(début 20eme) parlant en faïence de St-Amand « le tir a l&rsquo;arc » en bon état sans fêles ni éclats,diametre:26.5cm,hauteur:4.5cm</p>
<div></div>
