{"id":15999,"date":"2022-02-01T15:26:22","date_gmt":"2022-02-01T14:26:22","guid":{"rendered":"https:\/\/marneantic.com\/?post_type=product&#038;p=15999"},"modified":"2022-02-01T15:31:35","modified_gmt":"2022-02-01T14:31:35","slug":"tasse-a-the-ancienne-en-porcelaine-tcheque","status":"publish","type":"product","link":"https:\/\/marneantic.com\/index.php\/produit\/tasse-a-the-ancienne-en-porcelaine-tcheque\/","title":{"rendered":"Tasse \u00e0 th\u00e9 ancienne en porcelaine tch\u00e8que"},"content":{"rendered":"","protected":false},"excerpt":{"rendered":"<p>tasse \u00e0 th\u00e9 ancienne en porcelaine tcheque,en tr\u00e8s bon \u00e9tat,tasse diametre:8cm,hauteur:5.5cm,soucoupe diametre:14.6cm<\/p>\n","protected":false},"featured_media":16000,"comment_status":"closed","ping_status":"closed","template":"","meta":{"_et_pb_use_builder":"","_et_pb_old_content":"","_et_gb_content_width":""},"product_cat":[26,7],"product_tag":[],"_links":{"self":[{"href":"https:\/\/marneantic.com\/index.php\/wp-json\/wp\/v2\/product\/15999"}],"collection":[{"href":"https:\/\/marneantic.com\/index.php\/wp-json\/wp\/v2\/product"}],"about":[{"href":"https:\/\/marneantic.com\/index.php\/wp-json\/wp\/v2\/types\/product"}],"replies":[{"embeddable":true,"href":"https:\/\/marneantic.com\/index.php\/wp-json\/wp\/v2\/comments?post=15999"}],"wp:featuredmedia":[{"embeddable":true,"href":"https:\/\/marneantic.com\/index.php\/wp-json\/wp\/v2\/media\/16000"}],"wp:attachment":[{"href":"https:\/\/marneantic.com\/index.php\/wp-json\/wp\/v2\/media?parent=15999"}],"wp:term":[{"taxonomy":"product_cat","embeddable":true,"href":"https:\/\/marneantic.com\/index.php\/wp-json\/wp\/v2\/product_cat?post=15999"},{"taxonomy":"product_tag","embeddable":true,"href":"https:\/\/marneantic.com\/index.php\/wp-json\/wp\/v2\/product_tag?post=15999"}],"curies":[{"name":"wp","href":"https:\/\/api.w.org\/{rel}","templated":true}]}}