{"id":16364,"date":"2022-03-08T15:23:40","date_gmt":"2022-03-08T14:23:40","guid":{"rendered":"https:\/\/marneantic.com\/?post_type=product&#038;p=16364"},"modified":"2022-03-08T15:29:32","modified_gmt":"2022-03-08T14:29:32","slug":"pot-ancien-asiatique-en-faience-peinte","status":"publish","type":"product","link":"https:\/\/marneantic.com\/index.php\/produit\/pot-ancien-asiatique-en-faience-peinte\/","title":{"rendered":"Pot ancien asiatique en fa\u00efence peinte"},"content":{"rendered":"","protected":false},"excerpt":{"rendered":"<p>Pot ancien asiatique en fa\u00efence peinte,en tr\u00e8s bon \u00e9tat,diametre:12cm,hauteur:14cm<\/p>\n","protected":false},"featured_media":16365,"comment_status":"open","ping_status":"closed","template":"","meta":{"_et_pb_use_builder":"","_et_pb_old_content":"","_et_gb_content_width":""},"product_cat":[14,8,28,7],"product_tag":[],"_links":{"self":[{"href":"https:\/\/marneantic.com\/index.php\/wp-json\/wp\/v2\/product\/16364"}],"collection":[{"href":"https:\/\/marneantic.com\/index.php\/wp-json\/wp\/v2\/product"}],"about":[{"href":"https:\/\/marneantic.com\/index.php\/wp-json\/wp\/v2\/types\/product"}],"replies":[{"embeddable":true,"href":"https:\/\/marneantic.com\/index.php\/wp-json\/wp\/v2\/comments?post=16364"}],"wp:featuredmedia":[{"embeddable":true,"href":"https:\/\/marneantic.com\/index.php\/wp-json\/wp\/v2\/media\/16365"}],"wp:attachment":[{"href":"https:\/\/marneantic.com\/index.php\/wp-json\/wp\/v2\/media?parent=16364"}],"wp:term":[{"taxonomy":"product_cat","embeddable":true,"href":"https:\/\/marneantic.com\/index.php\/wp-json\/wp\/v2\/product_cat?post=16364"},{"taxonomy":"product_tag","embeddable":true,"href":"https:\/\/marneantic.com\/index.php\/wp-json\/wp\/v2\/product_tag?post=16364"}],"curies":[{"name":"wp","href":"https:\/\/api.w.org\/{rel}","templated":true}]}}