{"id":1641,"date":"2016-05-31T14:17:04","date_gmt":"2016-05-31T13:17:04","guid":{"rendered":"http:\/\/marneantic.com\/index.php\/produit\/applique-ancienne-en-bronze\/"},"modified":"2016-05-31T14:33:15","modified_gmt":"2016-05-31T13:33:15","slug":"applique-ancienne-en-bronze","status":"publish","type":"product","link":"https:\/\/marneantic.com\/index.php\/produit\/applique-ancienne-en-bronze\/","title":{"rendered":"Applique ancienne en bronze"},"content":{"rendered":"","protected":false},"excerpt":{"rendered":"<p>applique ancienne en bronze sans verrerie,en bon \u00e9tat,profondeur au mur:28cm,\u00e9lectricit\u00e9 test\u00e9e<\/p>\n","protected":false},"featured_media":1642,"comment_status":"closed","ping_status":"closed","template":"","meta":{"_et_pb_use_builder":"","_et_pb_old_content":"","_et_gb_content_width":""},"product_cat":[24],"product_tag":[],"_links":{"self":[{"href":"https:\/\/marneantic.com\/index.php\/wp-json\/wp\/v2\/product\/1641"}],"collection":[{"href":"https:\/\/marneantic.com\/index.php\/wp-json\/wp\/v2\/product"}],"about":[{"href":"https:\/\/marneantic.com\/index.php\/wp-json\/wp\/v2\/types\/product"}],"replies":[{"embeddable":true,"href":"https:\/\/marneantic.com\/index.php\/wp-json\/wp\/v2\/comments?post=1641"}],"wp:featuredmedia":[{"embeddable":true,"href":"https:\/\/marneantic.com\/index.php\/wp-json\/wp\/v2\/media\/1642"}],"wp:attachment":[{"href":"https:\/\/marneantic.com\/index.php\/wp-json\/wp\/v2\/media?parent=1641"}],"wp:term":[{"taxonomy":"product_cat","embeddable":true,"href":"https:\/\/marneantic.com\/index.php\/wp-json\/wp\/v2\/product_cat?post=1641"},{"taxonomy":"product_tag","embeddable":true,"href":"https:\/\/marneantic.com\/index.php\/wp-json\/wp\/v2\/product_tag?post=1641"}],"curies":[{"name":"wp","href":"https:\/\/api.w.org\/{rel}","templated":true}]}}