{"id":16410,"date":"2022-03-21T14:02:31","date_gmt":"2022-03-21T13:02:31","guid":{"rendered":"https:\/\/marneantic.com\/?post_type=product&#038;p=16410"},"modified":"2022-03-23T17:49:49","modified_gmt":"2022-03-23T16:49:49","slug":"dessous-de-plat-vintage-en-faience","status":"publish","type":"product","link":"https:\/\/marneantic.com\/index.php\/produit\/dessous-de-plat-vintage-en-faience\/","title":{"rendered":"Dessous de plat vintage en fa\u00efence"},"content":{"rendered":"","protected":false},"excerpt":{"rendered":"<div>Dessous de plat vintage en fa\u00efence,d\u00e9cor paille couleur moutarde et marron en tr\u00e8s bon \u00e9tat,marque Famex<br \/>\ndiametre:18cm<br \/>\nhauteur:1cm<\/div>\n","protected":false},"featured_media":16500,"comment_status":"open","ping_status":"closed","template":"","meta":{"_et_pb_use_builder":"","_et_pb_old_content":"","_et_gb_content_width":""},"product_cat":[13,10,16],"product_tag":[],"_links":{"self":[{"href":"https:\/\/marneantic.com\/index.php\/wp-json\/wp\/v2\/product\/16410"}],"collection":[{"href":"https:\/\/marneantic.com\/index.php\/wp-json\/wp\/v2\/product"}],"about":[{"href":"https:\/\/marneantic.com\/index.php\/wp-json\/wp\/v2\/types\/product"}],"replies":[{"embeddable":true,"href":"https:\/\/marneantic.com\/index.php\/wp-json\/wp\/v2\/comments?post=16410"}],"wp:featuredmedia":[{"embeddable":true,"href":"https:\/\/marneantic.com\/index.php\/wp-json\/wp\/v2\/media\/16500"}],"wp:attachment":[{"href":"https:\/\/marneantic.com\/index.php\/wp-json\/wp\/v2\/media?parent=16410"}],"wp:term":[{"taxonomy":"product_cat","embeddable":true,"href":"https:\/\/marneantic.com\/index.php\/wp-json\/wp\/v2\/product_cat?post=16410"},{"taxonomy":"product_tag","embeddable":true,"href":"https:\/\/marneantic.com\/index.php\/wp-json\/wp\/v2\/product_tag?post=16410"}],"curies":[{"name":"wp","href":"https:\/\/api.w.org\/{rel}","templated":true}]}}