{"id":16657,"date":"2022-04-15T15:14:30","date_gmt":"2022-04-15T14:14:30","guid":{"rendered":"https:\/\/marneantic.com\/?post_type=product&#038;p=16657"},"modified":"2022-04-15T15:16:28","modified_gmt":"2022-04-15T14:16:28","slug":"plat-creux-ancien-en-faience-de-saint-amand-decor-au-coq","status":"publish","type":"product","link":"https:\/\/marneantic.com\/index.php\/produit\/plat-creux-ancien-en-faience-de-saint-amand-decor-au-coq\/","title":{"rendered":"Plat creux ancien en fa\u00efence de Saint-Amand, d\u00e9cor au coq"},"content":{"rendered":"","protected":false},"excerpt":{"rendered":"<p>Plat creux ancien en fa\u00efence de saint-Amand,d\u00e9cor au coq en tr\u00e8s bon \u00e9tat<\/p>\n<div>diametre:25.7cm<\/div>\n<div>hauteur:5.3cm<\/div>\n","protected":false},"featured_media":16660,"comment_status":"closed","ping_status":"closed","template":"","meta":{"_et_pb_use_builder":"","_et_pb_old_content":"","_et_gb_content_width":""},"product_cat":[28,7],"product_tag":[],"_links":{"self":[{"href":"https:\/\/marneantic.com\/index.php\/wp-json\/wp\/v2\/product\/16657"}],"collection":[{"href":"https:\/\/marneantic.com\/index.php\/wp-json\/wp\/v2\/product"}],"about":[{"href":"https:\/\/marneantic.com\/index.php\/wp-json\/wp\/v2\/types\/product"}],"replies":[{"embeddable":true,"href":"https:\/\/marneantic.com\/index.php\/wp-json\/wp\/v2\/comments?post=16657"}],"wp:featuredmedia":[{"embeddable":true,"href":"https:\/\/marneantic.com\/index.php\/wp-json\/wp\/v2\/media\/16660"}],"wp:attachment":[{"href":"https:\/\/marneantic.com\/index.php\/wp-json\/wp\/v2\/media?parent=16657"}],"wp:term":[{"taxonomy":"product_cat","embeddable":true,"href":"https:\/\/marneantic.com\/index.php\/wp-json\/wp\/v2\/product_cat?post=16657"},{"taxonomy":"product_tag","embeddable":true,"href":"https:\/\/marneantic.com\/index.php\/wp-json\/wp\/v2\/product_tag?post=16657"}],"curies":[{"name":"wp","href":"https:\/\/api.w.org\/{rel}","templated":true}]}}

Plat creux ancien en faïence de Saint-Amand, décor au coq

<p>Plat creux ancien en faïence de saint-Amand,décor au coq en très bon état</p>
<div>diametre:25.7cm</div>
<div>hauteur:5.3cm</div>
