{"id":16847,"date":"2022-05-10T13:50:50","date_gmt":"2022-05-10T12:50:50","guid":{"rendered":"https:\/\/marneantic.com\/?post_type=product&#038;p=16847"},"modified":"2022-05-10T13:56:05","modified_gmt":"2022-05-10T12:56:05","slug":"grand-verre-ancien-en-cristal-cisele","status":"publish","type":"product","link":"https:\/\/marneantic.com\/index.php\/produit\/grand-verre-ancien-en-cristal-cisele\/","title":{"rendered":"Grand verre ancien en cristal cisel\u00e9"},"content":{"rendered":"","protected":false},"excerpt":{"rendered":"<p>grand verre ancien en cristal, d\u00e9cor cisel\u00e9, en tr\u00e8s bon \u00e9tat,hauteur:16cm,diam\u00e8tre du buvant:6.8cm,diam\u00e8tre du pied:7cm<\/p>\n","protected":false},"featured_media":16848,"comment_status":"open","ping_status":"closed","template":"","meta":{"_et_pb_use_builder":"","_et_pb_old_content":"","_et_gb_content_width":""},"product_cat":[10,11],"product_tag":[],"_links":{"self":[{"href":"https:\/\/marneantic.com\/index.php\/wp-json\/wp\/v2\/product\/16847"}],"collection":[{"href":"https:\/\/marneantic.com\/index.php\/wp-json\/wp\/v2\/product"}],"about":[{"href":"https:\/\/marneantic.com\/index.php\/wp-json\/wp\/v2\/types\/product"}],"replies":[{"embeddable":true,"href":"https:\/\/marneantic.com\/index.php\/wp-json\/wp\/v2\/comments?post=16847"}],"wp:featuredmedia":[{"embeddable":true,"href":"https:\/\/marneantic.com\/index.php\/wp-json\/wp\/v2\/media\/16848"}],"wp:attachment":[{"href":"https:\/\/marneantic.com\/index.php\/wp-json\/wp\/v2\/media?parent=16847"}],"wp:term":[{"taxonomy":"product_cat","embeddable":true,"href":"https:\/\/marneantic.com\/index.php\/wp-json\/wp\/v2\/product_cat?post=16847"},{"taxonomy":"product_tag","embeddable":true,"href":"https:\/\/marneantic.com\/index.php\/wp-json\/wp\/v2\/product_tag?post=16847"}],"curies":[{"name":"wp","href":"https:\/\/api.w.org\/{rel}","templated":true}]}}