{"id":17026,"date":"2022-06-08T16:25:57","date_gmt":"2022-06-08T15:25:57","guid":{"rendered":"https:\/\/marneantic.com\/?post_type=product&#038;p=17026"},"modified":"2022-06-08T16:38:53","modified_gmt":"2022-06-08T15:38:53","slug":"lampe-cocotte-vintage","status":"publish","type":"product","link":"https:\/\/marneantic.com\/index.php\/produit\/lampe-cocotte-vintage\/","title":{"rendered":"Lampe cocotte vintage"},"content":{"rendered":"","protected":false},"excerpt":{"rendered":"<p>Lampe cocotte vintage en m\u00e9tal, couleur beige, en tr\u00e8s bon \u00e9tat, interrupteur au socle, inclinable et orientable par pied &lsquo;tuyau de douche\u00a0\u00bb hauteur maximum:32cm,diametre socle:13.5cm, \u00e9lectricit\u00e9 test\u00e9e, fournie avec ampoule<\/p>\n","protected":false},"featured_media":17029,"comment_status":"closed","ping_status":"closed","template":"","meta":{"_et_pb_use_builder":"","_et_pb_old_content":"","_et_gb_content_width":""},"product_cat":[24,16],"product_tag":[],"_links":{"self":[{"href":"https:\/\/marneantic.com\/index.php\/wp-json\/wp\/v2\/product\/17026"}],"collection":[{"href":"https:\/\/marneantic.com\/index.php\/wp-json\/wp\/v2\/product"}],"about":[{"href":"https:\/\/marneantic.com\/index.php\/wp-json\/wp\/v2\/types\/product"}],"replies":[{"embeddable":true,"href":"https:\/\/marneantic.com\/index.php\/wp-json\/wp\/v2\/comments?post=17026"}],"wp:featuredmedia":[{"embeddable":true,"href":"https:\/\/marneantic.com\/index.php\/wp-json\/wp\/v2\/media\/17029"}],"wp:attachment":[{"href":"https:\/\/marneantic.com\/index.php\/wp-json\/wp\/v2\/media?parent=17026"}],"wp:term":[{"taxonomy":"product_cat","embeddable":true,"href":"https:\/\/marneantic.com\/index.php\/wp-json\/wp\/v2\/product_cat?post=17026"},{"taxonomy":"product_tag","embeddable":true,"href":"https:\/\/marneantic.com\/index.php\/wp-json\/wp\/v2\/product_tag?post=17026"}],"curies":[{"name":"wp","href":"https:\/\/api.w.org\/{rel}","templated":true}]}}