{"id":17465,"date":"2022-08-13T13:54:21","date_gmt":"2022-08-13T12:54:21","guid":{"rendered":"https:\/\/marneantic.com\/?post_type=product&#038;p=17465"},"modified":"2022-08-13T14:30:33","modified_gmt":"2022-08-13T13:30:33","slug":"verre-de-table-art-deco-ancien-en-cristal-taille","status":"publish","type":"product","link":"https:\/\/marneantic.com\/index.php\/produit\/verre-de-table-art-deco-ancien-en-cristal-taille\/","title":{"rendered":"Verre de table art-d\u00e9co ancien en cristal taill\u00e9"},"content":{"rendered":"","protected":false},"excerpt":{"rendered":"<div><span style=\"font-size: large;\"><span style=\"font-family: Arial;\">Verre de table art-d\u00e9co ancien en cristal taill\u00e9, en tr\u00e8s bon \u00e9tat<\/span><\/span><\/div>\n<div><span style=\"font-size: large;\"><span style=\"font-family: Arial;\">hauteur:5.8cm<\/span><\/span><\/div>\n<div><span style=\"font-size: large;\"><span style=\"font-family: Arial;\">diam\u00e8tre<\/span><span style=\"font-family: Arial;\"> du buvant:6.2cm<\/span><\/span><\/div>\n<div><span style=\"font-size: large;\"><span style=\"font-family: Arial;\">diam\u00e8tre<\/span><span style=\"font-family: Arial;\"> du pied:6cm<\/span><\/span><\/div>\n<p>&nbsp;<\/p>\n","protected":false},"featured_media":17466,"comment_status":"closed","ping_status":"closed","template":"","meta":{"_et_pb_use_builder":"","_et_pb_old_content":"","_et_gb_content_width":""},"product_cat":[10,44,11],"product_tag":[],"_links":{"self":[{"href":"https:\/\/marneantic.com\/index.php\/wp-json\/wp\/v2\/product\/17465"}],"collection":[{"href":"https:\/\/marneantic.com\/index.php\/wp-json\/wp\/v2\/product"}],"about":[{"href":"https:\/\/marneantic.com\/index.php\/wp-json\/wp\/v2\/types\/product"}],"replies":[{"embeddable":true,"href":"https:\/\/marneantic.com\/index.php\/wp-json\/wp\/v2\/comments?post=17465"}],"wp:featuredmedia":[{"embeddable":true,"href":"https:\/\/marneantic.com\/index.php\/wp-json\/wp\/v2\/media\/17466"}],"wp:attachment":[{"href":"https:\/\/marneantic.com\/index.php\/wp-json\/wp\/v2\/media?parent=17465"}],"wp:term":[{"taxonomy":"product_cat","embeddable":true,"href":"https:\/\/marneantic.com\/index.php\/wp-json\/wp\/v2\/product_cat?post=17465"},{"taxonomy":"product_tag","embeddable":true,"href":"https:\/\/marneantic.com\/index.php\/wp-json\/wp\/v2\/product_tag?post=17465"}],"curies":[{"name":"wp","href":"https:\/\/api.w.org\/{rel}","templated":true}]}}