{"id":17497,"date":"2022-08-17T10:50:26","date_gmt":"2022-08-17T09:50:26","guid":{"rendered":"https:\/\/marneantic.com\/?post_type=product&#038;p=17497"},"modified":"2022-08-17T10:59:47","modified_gmt":"2022-08-17T09:59:47","slug":"nappe-ancienne-brodee170x145cm","status":"publish","type":"product","link":"https:\/\/marneantic.com\/index.php\/produit\/nappe-ancienne-brodee170x145cm\/","title":{"rendered":"Nappe ancienne brod\u00e9e:170x145cm"},"content":{"rendered":"","protected":false},"excerpt":{"rendered":"<p>belle nappe ancienne brod\u00e9e, en bon \u00e9tat. Dimensions:170x145cm. Linge lav\u00e9,v\u00e9rifi\u00e9 et repass\u00e9.<\/p>\n","protected":false},"featured_media":17498,"comment_status":"open","ping_status":"closed","template":"","meta":{"_et_pb_use_builder":"","_et_pb_old_content":"","_et_gb_content_width":""},"product_cat":[33],"product_tag":[],"_links":{"self":[{"href":"https:\/\/marneantic.com\/index.php\/wp-json\/wp\/v2\/product\/17497"}],"collection":[{"href":"https:\/\/marneantic.com\/index.php\/wp-json\/wp\/v2\/product"}],"about":[{"href":"https:\/\/marneantic.com\/index.php\/wp-json\/wp\/v2\/types\/product"}],"replies":[{"embeddable":true,"href":"https:\/\/marneantic.com\/index.php\/wp-json\/wp\/v2\/comments?post=17497"}],"wp:featuredmedia":[{"embeddable":true,"href":"https:\/\/marneantic.com\/index.php\/wp-json\/wp\/v2\/media\/17498"}],"wp:attachment":[{"href":"https:\/\/marneantic.com\/index.php\/wp-json\/wp\/v2\/media?parent=17497"}],"wp:term":[{"taxonomy":"product_cat","embeddable":true,"href":"https:\/\/marneantic.com\/index.php\/wp-json\/wp\/v2\/product_cat?post=17497"},{"taxonomy":"product_tag","embeddable":true,"href":"https:\/\/marneantic.com\/index.php\/wp-json\/wp\/v2\/product_tag?post=17497"}],"curies":[{"name":"wp","href":"https:\/\/api.w.org\/{rel}","templated":true}]}}