{"id":18871,"date":"2023-03-31T15:46:42","date_gmt":"2023-03-31T14:46:42","guid":{"rendered":"https:\/\/marneantic.com\/?post_type=product&#038;p=18871"},"modified":"2023-03-31T15:48:00","modified_gmt":"2023-03-31T14:48:00","slug":"boule-sulfure-presse-papier-ancienne-en-cristal-2","status":"publish","type":"product","link":"https:\/\/marneantic.com\/index.php\/produit\/boule-sulfure-presse-papier-ancienne-en-cristal-2\/","title":{"rendered":"Boule sulfure\/presse papier ancienne en cristal"},"content":{"rendered":"","protected":false},"excerpt":{"rendered":"<p><span style=\"font-family: Arial; font-size: large;\">Boule sulfure en cristal, en tr\u00e8s bon \u00e9tat, multicolore, d\u00e9cor de fleurs, sans signature<\/span><\/p>\n<div><span style=\"font-family: Arial; font-size: large;\">hauteur:6.5cm<\/span><\/div>\n<div><span style=\"font-family: Arial; font-size: large;\">diametre:6.5cm<\/span><\/div>\n<div><\/div>\n","protected":false},"featured_media":18874,"comment_status":"closed","ping_status":"closed","template":"","meta":{"_et_pb_use_builder":"","_et_pb_old_content":"","_et_gb_content_width":""},"product_cat":[14,8],"product_tag":[],"_links":{"self":[{"href":"https:\/\/marneantic.com\/index.php\/wp-json\/wp\/v2\/product\/18871"}],"collection":[{"href":"https:\/\/marneantic.com\/index.php\/wp-json\/wp\/v2\/product"}],"about":[{"href":"https:\/\/marneantic.com\/index.php\/wp-json\/wp\/v2\/types\/product"}],"replies":[{"embeddable":true,"href":"https:\/\/marneantic.com\/index.php\/wp-json\/wp\/v2\/comments?post=18871"}],"wp:featuredmedia":[{"embeddable":true,"href":"https:\/\/marneantic.com\/index.php\/wp-json\/wp\/v2\/media\/18874"}],"wp:attachment":[{"href":"https:\/\/marneantic.com\/index.php\/wp-json\/wp\/v2\/media?parent=18871"}],"wp:term":[{"taxonomy":"product_cat","embeddable":true,"href":"https:\/\/marneantic.com\/index.php\/wp-json\/wp\/v2\/product_cat?post=18871"},{"taxonomy":"product_tag","embeddable":true,"href":"https:\/\/marneantic.com\/index.php\/wp-json\/wp\/v2\/product_tag?post=18871"}],"curies":[{"name":"wp","href":"https:\/\/api.w.org\/{rel}","templated":true}]}}