{"id":1897,"date":"2016-07-15T14:53:40","date_gmt":"2016-07-15T13:53:40","guid":{"rendered":"http:\/\/marneantic.com\/index.php\/produit\/boite-tole-publicitaire-ancienne-banania-2\/"},"modified":"2016-07-15T14:56:36","modified_gmt":"2016-07-15T13:56:36","slug":"boite-tole-publicitaire-ancienne-banania-2","status":"publish","type":"product","link":"https:\/\/marneantic.com\/index.php\/produit\/boite-tole-publicitaire-ancienne-banania-2\/","title":{"rendered":"Boite t\u00f4le publicitaire ancienne BANANIA"},"content":{"rendered":"","protected":false},"excerpt":{"rendered":"<p>Boite t\u00f4le publicitaire ancienne BANANIA,riz;en bon \u00e9tat(traces d&rsquo;oxydations de surface)<\/p>\n","protected":false},"featured_media":1898,"comment_status":"closed","ping_status":"closed","template":"","meta":{"_et_pb_use_builder":"","_et_pb_old_content":"","_et_gb_content_width":""},"product_cat":[15],"product_tag":[],"_links":{"self":[{"href":"https:\/\/marneantic.com\/index.php\/wp-json\/wp\/v2\/product\/1897"}],"collection":[{"href":"https:\/\/marneantic.com\/index.php\/wp-json\/wp\/v2\/product"}],"about":[{"href":"https:\/\/marneantic.com\/index.php\/wp-json\/wp\/v2\/types\/product"}],"replies":[{"embeddable":true,"href":"https:\/\/marneantic.com\/index.php\/wp-json\/wp\/v2\/comments?post=1897"}],"wp:featuredmedia":[{"embeddable":true,"href":"https:\/\/marneantic.com\/index.php\/wp-json\/wp\/v2\/media\/1898"}],"wp:attachment":[{"href":"https:\/\/marneantic.com\/index.php\/wp-json\/wp\/v2\/media?parent=1897"}],"wp:term":[{"taxonomy":"product_cat","embeddable":true,"href":"https:\/\/marneantic.com\/index.php\/wp-json\/wp\/v2\/product_cat?post=1897"},{"taxonomy":"product_tag","embeddable":true,"href":"https:\/\/marneantic.com\/index.php\/wp-json\/wp\/v2\/product_tag?post=1897"}],"curies":[{"name":"wp","href":"https:\/\/api.w.org\/{rel}","templated":true}]}}