{"id":19231,"date":"2023-05-07T16:36:03","date_gmt":"2023-05-07T15:36:03","guid":{"rendered":"https:\/\/marneantic.com\/?post_type=product&#038;p=19231"},"modified":"2023-05-07T16:45:24","modified_gmt":"2023-05-07T15:45:24","slug":"vase-vintage-en-cristal-bleu-et-or","status":"publish","type":"product","link":"https:\/\/marneantic.com\/index.php\/produit\/vase-vintage-en-cristal-bleu-et-or\/","title":{"rendered":"Vase vintage en cristal, bleu et or"},"content":{"rendered":"","protected":false},"excerpt":{"rendered":"<p>Vase vintage en cristal, bleu et or, en bon \u00e9tat,hauteur:12.5cm, diam\u00e8tre haut:11cm, diam\u00e8tre pied:6.5cm<\/p>\n","protected":false},"featured_media":19232,"comment_status":"open","ping_status":"closed","template":"","meta":{"_et_pb_use_builder":"","_et_pb_old_content":"","_et_gb_content_width":""},"product_cat":[14,8,16],"product_tag":[],"_links":{"self":[{"href":"https:\/\/marneantic.com\/index.php\/wp-json\/wp\/v2\/product\/19231"}],"collection":[{"href":"https:\/\/marneantic.com\/index.php\/wp-json\/wp\/v2\/product"}],"about":[{"href":"https:\/\/marneantic.com\/index.php\/wp-json\/wp\/v2\/types\/product"}],"replies":[{"embeddable":true,"href":"https:\/\/marneantic.com\/index.php\/wp-json\/wp\/v2\/comments?post=19231"}],"wp:featuredmedia":[{"embeddable":true,"href":"https:\/\/marneantic.com\/index.php\/wp-json\/wp\/v2\/media\/19232"}],"wp:attachment":[{"href":"https:\/\/marneantic.com\/index.php\/wp-json\/wp\/v2\/media?parent=19231"}],"wp:term":[{"taxonomy":"product_cat","embeddable":true,"href":"https:\/\/marneantic.com\/index.php\/wp-json\/wp\/v2\/product_cat?post=19231"},{"taxonomy":"product_tag","embeddable":true,"href":"https:\/\/marneantic.com\/index.php\/wp-json\/wp\/v2\/product_tag?post=19231"}],"curies":[{"name":"wp","href":"https:\/\/api.w.org\/{rel}","templated":true}]}}