{"id":19383,"date":"2023-05-22T15:19:01","date_gmt":"2023-05-22T14:19:01","guid":{"rendered":"https:\/\/marneantic.com\/?post_type=product&#038;p=19383"},"modified":"2023-05-22T15:19:01","modified_gmt":"2023-05-22T14:19:01","slug":"travailleuse-ancienne-style-louis-xvi","status":"publish","type":"product","link":"https:\/\/marneantic.com\/index.php\/produit\/travailleuse-ancienne-style-louis-xvi\/","title":{"rendered":"Travailleuse ancienne style Louis XVI"},"content":{"rendered":"","protected":false},"excerpt":{"rendered":"<p>Travailleuse ancienne de style Louis XVI avec petites marqueterie et ornements en bronze, en bon \u00e9tat, a signaler bien sur des traces d&rsquo;usage et petit manque de plaquage sur 2 angles, le m\u00e9canisme de fermeture fonctionne et la cl\u00e9 est pr\u00e9sente, int\u00e9rieur avec miroir au mercure patin\u00e9<br \/>\nhauteur:74cm<br \/>\nlargeur:46cm<br \/>\nprofondeur:36cm<\/p>\n<p>pas d&rsquo;exp\u00e9dition postale pour cet article, remise en main propre domicile ou livraison possible en r\u00e9gion parisienne(conditions sur demande)<\/p>\n<p>Les produits propos\u00e9s dans notre boutique sont anciens, ils peuvent pr\u00e9sent\u00e9s des traces d\u2019usure, d&rsquo;usage ou rayures qui donnent au produit son caract\u00e8re et son authenticit\u00e9, ils sont pr\u00e9sent\u00e9s au mieux dans la description, \u00e0 travers photos et textes, merci de bien les regarder.<br \/>\nLes livraisons assur\u00e9es par nos soins se feront uniquement le samedi matin pour Paris et la petite couronne<\/p>\n","protected":false},"featured_media":19384,"comment_status":"open","ping_status":"closed","template":"","meta":{"_et_pb_use_builder":"","_et_pb_old_content":"","_et_gb_content_width":""},"product_cat":[31],"product_tag":[],"_links":{"self":[{"href":"https:\/\/marneantic.com\/index.php\/wp-json\/wp\/v2\/product\/19383"}],"collection":[{"href":"https:\/\/marneantic.com\/index.php\/wp-json\/wp\/v2\/product"}],"about":[{"href":"https:\/\/marneantic.com\/index.php\/wp-json\/wp\/v2\/types\/product"}],"replies":[{"embeddable":true,"href":"https:\/\/marneantic.com\/index.php\/wp-json\/wp\/v2\/comments?post=19383"}],"wp:featuredmedia":[{"embeddable":true,"href":"https:\/\/marneantic.com\/index.php\/wp-json\/wp\/v2\/media\/19384"}],"wp:attachment":[{"href":"https:\/\/marneantic.com\/index.php\/wp-json\/wp\/v2\/media?parent=19383"}],"wp:term":[{"taxonomy":"product_cat","embeddable":true,"href":"https:\/\/marneantic.com\/index.php\/wp-json\/wp\/v2\/product_cat?post=19383"},{"taxonomy":"product_tag","embeddable":true,"href":"https:\/\/marneantic.com\/index.php\/wp-json\/wp\/v2\/product_tag?post=19383"}],"curies":[{"name":"wp","href":"https:\/\/api.w.org\/{rel}","templated":true}]}}