{"id":19609,"date":"2023-05-31T16:40:21","date_gmt":"2023-05-31T15:40:21","guid":{"rendered":"https:\/\/marneantic.com\/?post_type=product&#038;p=19609"},"modified":"2023-05-31T16:40:22","modified_gmt":"2023-05-31T15:40:22","slug":"presse-papier-art-deco-ancien-en-acier-de-a-jouer","status":"publish","type":"product","link":"https:\/\/marneantic.com\/index.php\/produit\/presse-papier-art-deco-ancien-en-acier-de-a-jouer\/","title":{"rendered":"Presse papier art d\u00e9co ancien en acier \u00ab\u00a0d\u00e9 a jouer\u00a0\u00bb"},"content":{"rendered":"","protected":false},"excerpt":{"rendered":"<p><span style=\"font-family: Arial; font-size: large;\">Presse papier d\u00e9 a jouer art d\u00e9co ancien en acier, en bon \u00e9tat<\/span><\/p>\n<div><span style=\"font-family: Arial; font-size: large;\">dimensions:7x7cm<\/span><\/div>\n<div><span style=\"font-family: Arial; font-size: large;\">hauteur:7cm<\/span><\/div>\n","protected":false},"featured_media":19611,"comment_status":"open","ping_status":"closed","template":"","meta":{"_et_pb_use_builder":"","_et_pb_old_content":"","_et_gb_content_width":""},"product_cat":[44,8],"product_tag":[],"_links":{"self":[{"href":"https:\/\/marneantic.com\/index.php\/wp-json\/wp\/v2\/product\/19609"}],"collection":[{"href":"https:\/\/marneantic.com\/index.php\/wp-json\/wp\/v2\/product"}],"about":[{"href":"https:\/\/marneantic.com\/index.php\/wp-json\/wp\/v2\/types\/product"}],"replies":[{"embeddable":true,"href":"https:\/\/marneantic.com\/index.php\/wp-json\/wp\/v2\/comments?post=19609"}],"wp:featuredmedia":[{"embeddable":true,"href":"https:\/\/marneantic.com\/index.php\/wp-json\/wp\/v2\/media\/19611"}],"wp:attachment":[{"href":"https:\/\/marneantic.com\/index.php\/wp-json\/wp\/v2\/media?parent=19609"}],"wp:term":[{"taxonomy":"product_cat","embeddable":true,"href":"https:\/\/marneantic.com\/index.php\/wp-json\/wp\/v2\/product_cat?post=19609"},{"taxonomy":"product_tag","embeddable":true,"href":"https:\/\/marneantic.com\/index.php\/wp-json\/wp\/v2\/product_tag?post=19609"}],"curies":[{"name":"wp","href":"https:\/\/api.w.org\/{rel}","templated":true}]}}