{"id":19848,"date":"2023-07-14T14:46:19","date_gmt":"2023-07-14T13:46:19","guid":{"rendered":"https:\/\/marneantic.com\/?post_type=product&#038;p=19848"},"modified":"2023-07-14T14:57:00","modified_gmt":"2023-07-14T13:57:00","slug":"plateau-art-deco-ancien","status":"publish","type":"product","link":"https:\/\/marneantic.com\/index.php\/produit\/plateau-art-deco-ancien\/","title":{"rendered":"Plateau art-d\u00e9co ancien"},"content":{"rendered":"","protected":false},"excerpt":{"rendered":"<p>Plateau art-d\u00e9co ancien en bon \u00e9tat, vitr\u00e9 avec sous la glace une impression marbr\u00e9e, rebord en m\u00e9tal chrom\u00e9, dessous en bois, longueur:36.8cm hors poign\u00e9es, largeur:26.5cm, hauteur avec poign\u00e9es:4cm<\/p>\n","protected":false},"featured_media":19849,"comment_status":"closed","ping_status":"closed","template":"","meta":{"_et_pb_use_builder":"","_et_pb_old_content":"","_et_gb_content_width":""},"product_cat":[13,10,44],"product_tag":[],"_links":{"self":[{"href":"https:\/\/marneantic.com\/index.php\/wp-json\/wp\/v2\/product\/19848"}],"collection":[{"href":"https:\/\/marneantic.com\/index.php\/wp-json\/wp\/v2\/product"}],"about":[{"href":"https:\/\/marneantic.com\/index.php\/wp-json\/wp\/v2\/types\/product"}],"replies":[{"embeddable":true,"href":"https:\/\/marneantic.com\/index.php\/wp-json\/wp\/v2\/comments?post=19848"}],"wp:featuredmedia":[{"embeddable":true,"href":"https:\/\/marneantic.com\/index.php\/wp-json\/wp\/v2\/media\/19849"}],"wp:attachment":[{"href":"https:\/\/marneantic.com\/index.php\/wp-json\/wp\/v2\/media?parent=19848"}],"wp:term":[{"taxonomy":"product_cat","embeddable":true,"href":"https:\/\/marneantic.com\/index.php\/wp-json\/wp\/v2\/product_cat?post=19848"},{"taxonomy":"product_tag","embeddable":true,"href":"https:\/\/marneantic.com\/index.php\/wp-json\/wp\/v2\/product_tag?post=19848"}],"curies":[{"name":"wp","href":"https:\/\/api.w.org\/{rel}","templated":true}]}}