{"id":20590,"date":"2023-09-28T14:23:24","date_gmt":"2023-09-28T13:23:24","guid":{"rendered":"https:\/\/marneantic.com\/?post_type=product&#038;p=20590"},"modified":"2023-09-28T14:28:22","modified_gmt":"2023-09-28T13:28:22","slug":"bougeoir-ancien-en-porcelaine-2","status":"publish","type":"product","link":"https:\/\/marneantic.com\/index.php\/produit\/bougeoir-ancien-en-porcelaine-2\/","title":{"rendered":"Bougeoir ancien en porcelaine"},"content":{"rendered":"","protected":false},"excerpt":{"rendered":"<p>Bougeoir ancien en porcelaine a d\u00e9cor v\u00e9g\u00e9tal, en tr\u00e8s bon \u00e9tat, origine inconnue marque de fabrique a identifier, diametre:8.2cm, hauteur:9cm<\/p>\n","protected":false},"featured_media":20591,"comment_status":"closed","ping_status":"closed","template":"","meta":{"_et_pb_use_builder":"","_et_pb_old_content":"","_et_gb_content_width":""},"product_cat":[8],"product_tag":[],"_links":{"self":[{"href":"https:\/\/marneantic.com\/index.php\/wp-json\/wp\/v2\/product\/20590"}],"collection":[{"href":"https:\/\/marneantic.com\/index.php\/wp-json\/wp\/v2\/product"}],"about":[{"href":"https:\/\/marneantic.com\/index.php\/wp-json\/wp\/v2\/types\/product"}],"replies":[{"embeddable":true,"href":"https:\/\/marneantic.com\/index.php\/wp-json\/wp\/v2\/comments?post=20590"}],"wp:featuredmedia":[{"embeddable":true,"href":"https:\/\/marneantic.com\/index.php\/wp-json\/wp\/v2\/media\/20591"}],"wp:attachment":[{"href":"https:\/\/marneantic.com\/index.php\/wp-json\/wp\/v2\/media?parent=20590"}],"wp:term":[{"taxonomy":"product_cat","embeddable":true,"href":"https:\/\/marneantic.com\/index.php\/wp-json\/wp\/v2\/product_cat?post=20590"},{"taxonomy":"product_tag","embeddable":true,"href":"https:\/\/marneantic.com\/index.php\/wp-json\/wp\/v2\/product_tag?post=20590"}],"curies":[{"name":"wp","href":"https:\/\/api.w.org\/{rel}","templated":true}]}}