{"id":20671,"date":"2023-10-05T15:02:12","date_gmt":"2023-10-05T14:02:12","guid":{"rendered":"https:\/\/marneantic.com\/?post_type=product&#038;p=20671"},"modified":"2025-12-27T09:11:29","modified_gmt":"2025-12-27T08:11:29","slug":"tasse-a-the-en-porcelaine-de-wedgwood-modele-gardenia","status":"publish","type":"product","link":"https:\/\/marneantic.com\/index.php\/produit\/tasse-a-the-en-porcelaine-de-wedgwood-modele-gardenia\/","title":{"rendered":"Tasse a th\u00e9 en porcelaine de Wedgwood &#8211; mod\u00e8le Gardenia"},"content":{"rendered":"","protected":false},"excerpt":{"rendered":"<div>\n<div>\n<p><span style=\"font-size: large;\">Tasse a th\u00e9 en porcelaine de Wedgwood &#8211; mod\u00e8le Gard\u00e9nia, en parfait \u00e9tat proche du neuf<\/span><\/p>\n<div><span style=\"font-size: large;\">tasse hauteur:7cm<\/span><\/div>\n<div><span style=\"font-size: large;\">diametre:8.3cm<\/span><\/div>\n<div><span style=\"font-size: large;\">diam\u00e8tre soucoupe:14.7cm<\/span><\/div>\n<\/div>\n<\/div>\n<div><\/div>\n","protected":false},"featured_media":20672,"comment_status":"closed","ping_status":"closed","template":"","meta":{"_et_pb_use_builder":"","_et_pb_old_content":"","_et_gb_content_width":""},"product_cat":[26,7],"product_tag":[],"_links":{"self":[{"href":"https:\/\/marneantic.com\/index.php\/wp-json\/wp\/v2\/product\/20671"}],"collection":[{"href":"https:\/\/marneantic.com\/index.php\/wp-json\/wp\/v2\/product"}],"about":[{"href":"https:\/\/marneantic.com\/index.php\/wp-json\/wp\/v2\/types\/product"}],"replies":[{"embeddable":true,"href":"https:\/\/marneantic.com\/index.php\/wp-json\/wp\/v2\/comments?post=20671"}],"wp:featuredmedia":[{"embeddable":true,"href":"https:\/\/marneantic.com\/index.php\/wp-json\/wp\/v2\/media\/20672"}],"wp:attachment":[{"href":"https:\/\/marneantic.com\/index.php\/wp-json\/wp\/v2\/media?parent=20671"}],"wp:term":[{"taxonomy":"product_cat","embeddable":true,"href":"https:\/\/marneantic.com\/index.php\/wp-json\/wp\/v2\/product_cat?post=20671"},{"taxonomy":"product_tag","embeddable":true,"href":"https:\/\/marneantic.com\/index.php\/wp-json\/wp\/v2\/product_tag?post=20671"}],"curies":[{"name":"wp","href":"https:\/\/api.w.org\/{rel}","templated":true}]}}