{"id":20721,"date":"2023-10-09T15:54:30","date_gmt":"2023-10-09T14:54:30","guid":{"rendered":"https:\/\/marneantic.com\/?post_type=product&#038;p=20721"},"modified":"2026-05-10T16:32:11","modified_gmt":"2026-05-10T15:32:11","slug":"sauciere-ancienne-en-metal-argente","status":"publish","type":"product","link":"https:\/\/marneantic.com\/index.php\/produit\/sauciere-ancienne-en-metal-argente\/","title":{"rendered":"Sauci\u00e8re ancienne en m\u00e9tal argent\u00e9"},"content":{"rendered":"","protected":false},"excerpt":{"rendered":"<p>Sauci\u00e8re ancienne en m\u00e9tal argent\u00e9, en tr\u00e8s bon \u00e9tat(traces d&rsquo;usage) belle qualit\u00e9, m\u00e9tal \u00e9pais, longueur:19cm avec poign\u00e9e, largeur:8.3cm, hauteur:10.5cm a la poign\u00e9e, aucun poin\u00e7on<\/p>\n","protected":false},"featured_media":20722,"comment_status":"open","ping_status":"closed","template":"","meta":{"_et_pb_use_builder":"","_et_pb_old_content":"","_et_gb_content_width":""},"product_cat":[13,12,10,30],"product_tag":[],"_links":{"self":[{"href":"https:\/\/marneantic.com\/index.php\/wp-json\/wp\/v2\/product\/20721"}],"collection":[{"href":"https:\/\/marneantic.com\/index.php\/wp-json\/wp\/v2\/product"}],"about":[{"href":"https:\/\/marneantic.com\/index.php\/wp-json\/wp\/v2\/types\/product"}],"replies":[{"embeddable":true,"href":"https:\/\/marneantic.com\/index.php\/wp-json\/wp\/v2\/comments?post=20721"}],"wp:featuredmedia":[{"embeddable":true,"href":"https:\/\/marneantic.com\/index.php\/wp-json\/wp\/v2\/media\/20722"}],"wp:attachment":[{"href":"https:\/\/marneantic.com\/index.php\/wp-json\/wp\/v2\/media?parent=20721"}],"wp:term":[{"taxonomy":"product_cat","embeddable":true,"href":"https:\/\/marneantic.com\/index.php\/wp-json\/wp\/v2\/product_cat?post=20721"},{"taxonomy":"product_tag","embeddable":true,"href":"https:\/\/marneantic.com\/index.php\/wp-json\/wp\/v2\/product_tag?post=20721"}],"curies":[{"name":"wp","href":"https:\/\/api.w.org\/{rel}","templated":true}]}}