{"id":2093,"date":"2016-08-05T14:08:49","date_gmt":"2016-08-05T13:08:49","guid":{"rendered":"http:\/\/marneantic.com\/index.php\/produit\/tasse-a-the-ancienne-en-porcelaine-ledrappier-vincennes\/"},"modified":"2016-10-17T15:46:48","modified_gmt":"2016-10-17T14:46:48","slug":"tasse-a-the-ancienne-en-porcelaine-ledrappier-vincennes","status":"publish","type":"product","link":"https:\/\/marneantic.com\/index.php\/produit\/tasse-a-the-ancienne-en-porcelaine-ledrappier-vincennes\/","title":{"rendered":"Tasse \u00e0 th\u00e9 ancienne en porcelaine LEDRAPPIER vincennes"},"content":{"rendered":"","protected":false},"excerpt":{"rendered":"<p>Belle tasse \u00e0 th\u00e9 ancienne en porcelaine LEDRAPPIER vincennes,d\u00e9cor floral,tasse diametre:9.7cm,hauteur:4.5cm,soucoupe diametre:14.8cm,en tr\u00e8s bon \u00e9tat<\/p>\n","protected":false},"featured_media":2094,"comment_status":"closed","ping_status":"closed","template":"","meta":{"_et_pb_use_builder":"","_et_pb_old_content":"","_et_gb_content_width":""},"product_cat":[26,7],"product_tag":[],"_links":{"self":[{"href":"https:\/\/marneantic.com\/index.php\/wp-json\/wp\/v2\/product\/2093"}],"collection":[{"href":"https:\/\/marneantic.com\/index.php\/wp-json\/wp\/v2\/product"}],"about":[{"href":"https:\/\/marneantic.com\/index.php\/wp-json\/wp\/v2\/types\/product"}],"replies":[{"embeddable":true,"href":"https:\/\/marneantic.com\/index.php\/wp-json\/wp\/v2\/comments?post=2093"}],"wp:featuredmedia":[{"embeddable":true,"href":"https:\/\/marneantic.com\/index.php\/wp-json\/wp\/v2\/media\/2094"}],"wp:attachment":[{"href":"https:\/\/marneantic.com\/index.php\/wp-json\/wp\/v2\/media?parent=2093"}],"wp:term":[{"taxonomy":"product_cat","embeddable":true,"href":"https:\/\/marneantic.com\/index.php\/wp-json\/wp\/v2\/product_cat?post=2093"},{"taxonomy":"product_tag","embeddable":true,"href":"https:\/\/marneantic.com\/index.php\/wp-json\/wp\/v2\/product_tag?post=2093"}],"curies":[{"name":"wp","href":"https:\/\/api.w.org\/{rel}","templated":true}]}}