{"id":20993,"date":"2023-10-21T13:23:40","date_gmt":"2023-10-21T12:23:40","guid":{"rendered":"https:\/\/marneantic.com\/?post_type=product&#038;p=20993"},"modified":"2026-05-14T07:39:22","modified_gmt":"2026-05-14T06:39:22","slug":"tasse-a-cafe-ancienne-en-porcelaine-de-mehun","status":"publish","type":"product","link":"https:\/\/marneantic.com\/index.php\/produit\/tasse-a-cafe-ancienne-en-porcelaine-de-mehun\/","title":{"rendered":"Tasse a caf\u00e9 ancienne en porcelaine de Mehun"},"content":{"rendered":"","protected":false},"excerpt":{"rendered":"<p><b>Tasse a caf\u00e9 ancienne en porcelaine de Mehun en bon \u00e9tat, quelques traces d&rsquo;usage en fond de soucoupe<\/b><\/p>\n<div><b>tasse hauteur:4.2cm<\/b><\/div>\n<div><b>diametre:9.4cm<\/b><\/div>\n<div><b>soucoupe diametre:14.6cm<\/b><\/div>\n","protected":false},"featured_media":20990,"comment_status":"closed","ping_status":"closed","template":"","meta":{"_et_pb_use_builder":"","_et_pb_old_content":"","_et_gb_content_width":""},"product_cat":[26,7],"product_tag":[],"_links":{"self":[{"href":"https:\/\/marneantic.com\/index.php\/wp-json\/wp\/v2\/product\/20993"}],"collection":[{"href":"https:\/\/marneantic.com\/index.php\/wp-json\/wp\/v2\/product"}],"about":[{"href":"https:\/\/marneantic.com\/index.php\/wp-json\/wp\/v2\/types\/product"}],"replies":[{"embeddable":true,"href":"https:\/\/marneantic.com\/index.php\/wp-json\/wp\/v2\/comments?post=20993"}],"wp:featuredmedia":[{"embeddable":true,"href":"https:\/\/marneantic.com\/index.php\/wp-json\/wp\/v2\/media\/20990"}],"wp:attachment":[{"href":"https:\/\/marneantic.com\/index.php\/wp-json\/wp\/v2\/media?parent=20993"}],"wp:term":[{"taxonomy":"product_cat","embeddable":true,"href":"https:\/\/marneantic.com\/index.php\/wp-json\/wp\/v2\/product_cat?post=20993"},{"taxonomy":"product_tag","embeddable":true,"href":"https:\/\/marneantic.com\/index.php\/wp-json\/wp\/v2\/product_tag?post=20993"}],"curies":[{"name":"wp","href":"https:\/\/api.w.org\/{rel}","templated":true}]}}