{"id":21305,"date":"2023-11-05T17:21:27","date_gmt":"2023-11-05T16:21:27","guid":{"rendered":"https:\/\/marneantic.com\/?post_type=product&#038;p=21305"},"modified":"2023-11-05T17:24:34","modified_gmt":"2023-11-05T16:24:34","slug":"11-couteaux-de-table-anciens-en-ecrin","status":"publish","type":"product","link":"https:\/\/marneantic.com\/index.php\/produit\/11-couteaux-de-table-anciens-en-ecrin\/","title":{"rendered":"11 couteaux de table anciens en \u00e9crin"},"content":{"rendered":"","protected":false},"excerpt":{"rendered":"<p><span style=\"font-size: large;\">11 couteaux de table anciens en bon \u00e9tat, lames en acier inox, manches en corne(bovin) et virole en argent, \u00e9crin en mauvais \u00e9tat<\/span><\/p>\n<div><span style=\"font-size: large;\">longueur:24.8cm<\/span><\/div>\n","protected":false},"featured_media":21306,"comment_status":"closed","ping_status":"closed","template":"","meta":{"_et_pb_use_builder":"","_et_pb_old_content":"","_et_gb_content_width":""},"product_cat":[10,29],"product_tag":[],"_links":{"self":[{"href":"https:\/\/marneantic.com\/index.php\/wp-json\/wp\/v2\/product\/21305"}],"collection":[{"href":"https:\/\/marneantic.com\/index.php\/wp-json\/wp\/v2\/product"}],"about":[{"href":"https:\/\/marneantic.com\/index.php\/wp-json\/wp\/v2\/types\/product"}],"replies":[{"embeddable":true,"href":"https:\/\/marneantic.com\/index.php\/wp-json\/wp\/v2\/comments?post=21305"}],"wp:featuredmedia":[{"embeddable":true,"href":"https:\/\/marneantic.com\/index.php\/wp-json\/wp\/v2\/media\/21306"}],"wp:attachment":[{"href":"https:\/\/marneantic.com\/index.php\/wp-json\/wp\/v2\/media?parent=21305"}],"wp:term":[{"taxonomy":"product_cat","embeddable":true,"href":"https:\/\/marneantic.com\/index.php\/wp-json\/wp\/v2\/product_cat?post=21305"},{"taxonomy":"product_tag","embeddable":true,"href":"https:\/\/marneantic.com\/index.php\/wp-json\/wp\/v2\/product_tag?post=21305"}],"curies":[{"name":"wp","href":"https:\/\/api.w.org\/{rel}","templated":true}]}}