{"id":21688,"date":"2023-12-09T15:16:00","date_gmt":"2023-12-09T14:16:00","guid":{"rendered":"https:\/\/marneantic.com\/?post_type=product&#038;p=21688"},"modified":"2023-12-09T15:26:23","modified_gmt":"2023-12-09T14:26:23","slug":"suspension-vintage-en-corde-et-rotin","status":"publish","type":"product","link":"https:\/\/marneantic.com\/index.php\/produit\/suspension-vintage-en-corde-et-rotin\/","title":{"rendered":"Suspension vintage en corde et rotin"},"content":{"rendered":"","protected":false},"excerpt":{"rendered":"<p>Suspension vintage en corde et rotin, en tr\u00e8s bon \u00e9tat ext\u00e9rieur et de fonctionnement, fourni avec ampoule, pr\u00eate a installer, diametre:35cm, hauteur totale y compris anneaux en rotin:65cm<\/p>\n","protected":false},"featured_media":21689,"comment_status":"closed","ping_status":"closed","template":"","meta":{"_et_pb_use_builder":"","_et_pb_old_content":"","_et_gb_content_width":""},"product_cat":[24,16],"product_tag":[],"_links":{"self":[{"href":"https:\/\/marneantic.com\/index.php\/wp-json\/wp\/v2\/product\/21688"}],"collection":[{"href":"https:\/\/marneantic.com\/index.php\/wp-json\/wp\/v2\/product"}],"about":[{"href":"https:\/\/marneantic.com\/index.php\/wp-json\/wp\/v2\/types\/product"}],"replies":[{"embeddable":true,"href":"https:\/\/marneantic.com\/index.php\/wp-json\/wp\/v2\/comments?post=21688"}],"wp:featuredmedia":[{"embeddable":true,"href":"https:\/\/marneantic.com\/index.php\/wp-json\/wp\/v2\/media\/21689"}],"wp:attachment":[{"href":"https:\/\/marneantic.com\/index.php\/wp-json\/wp\/v2\/media?parent=21688"}],"wp:term":[{"taxonomy":"product_cat","embeddable":true,"href":"https:\/\/marneantic.com\/index.php\/wp-json\/wp\/v2\/product_cat?post=21688"},{"taxonomy":"product_tag","embeddable":true,"href":"https:\/\/marneantic.com\/index.php\/wp-json\/wp\/v2\/product_tag?post=21688"}],"curies":[{"name":"wp","href":"https:\/\/api.w.org\/{rel}","templated":true}]}}