{"id":22583,"date":"2024-02-12T14:33:37","date_gmt":"2024-02-12T13:33:37","guid":{"rendered":"https:\/\/marneantic.com\/?post_type=product&#038;p=22583"},"modified":"2024-02-12T14:35:55","modified_gmt":"2024-02-12T13:35:55","slug":"tasse-a-cafe-ancienne-en-porcelaine-fine-decor-japonisant","status":"publish","type":"product","link":"https:\/\/marneantic.com\/index.php\/produit\/tasse-a-cafe-ancienne-en-porcelaine-fine-decor-japonisant\/","title":{"rendered":"Tasse a caf\u00e9 ancienne en porcelaine fine, d\u00e9cor japonisant"},"content":{"rendered":"","protected":false},"excerpt":{"rendered":"<p>Tasse caf\u00e9 ancienne en porcelaine fine, d\u00e9cor japonisant r\u00e9hauss\u00e9 a l&rsquo;\u00e9mail, tr\u00e8s beau d\u00e9cor, hauteur:5.7cm, diam\u00e8tre:5.3cm, diam\u00e8tre soucoupe:12cm, en tr\u00e8s bon \u00e9tat, aucune marque de fabrique<\/p>\n<div><\/div>\n","protected":false},"featured_media":22584,"comment_status":"closed","ping_status":"closed","template":"","meta":{"_et_pb_use_builder":"","_et_pb_old_content":"","_et_gb_content_width":""},"product_cat":[26,7],"product_tag":[],"_links":{"self":[{"href":"https:\/\/marneantic.com\/index.php\/wp-json\/wp\/v2\/product\/22583"}],"collection":[{"href":"https:\/\/marneantic.com\/index.php\/wp-json\/wp\/v2\/product"}],"about":[{"href":"https:\/\/marneantic.com\/index.php\/wp-json\/wp\/v2\/types\/product"}],"replies":[{"embeddable":true,"href":"https:\/\/marneantic.com\/index.php\/wp-json\/wp\/v2\/comments?post=22583"}],"wp:featuredmedia":[{"embeddable":true,"href":"https:\/\/marneantic.com\/index.php\/wp-json\/wp\/v2\/media\/22584"}],"wp:attachment":[{"href":"https:\/\/marneantic.com\/index.php\/wp-json\/wp\/v2\/media?parent=22583"}],"wp:term":[{"taxonomy":"product_cat","embeddable":true,"href":"https:\/\/marneantic.com\/index.php\/wp-json\/wp\/v2\/product_cat?post=22583"},{"taxonomy":"product_tag","embeddable":true,"href":"https:\/\/marneantic.com\/index.php\/wp-json\/wp\/v2\/product_tag?post=22583"}],"curies":[{"name":"wp","href":"https:\/\/api.w.org\/{rel}","templated":true}]}}