{"id":22661,"date":"2024-02-16T15:35:29","date_gmt":"2024-02-16T14:35:29","guid":{"rendered":"https:\/\/marneantic.com\/?post_type=product&#038;p=22661"},"modified":"2024-02-16T15:41:57","modified_gmt":"2024-02-16T14:41:57","slug":"legras-carafe-emaillee-ouraline-ancienne","status":"publish","type":"product","link":"https:\/\/marneantic.com\/index.php\/produit\/legras-carafe-emaillee-ouraline-ancienne\/","title":{"rendered":"LEGRAS carafe \u00e9maill\u00e9e ouraline ancienne"},"content":{"rendered":"","protected":false},"excerpt":{"rendered":"<p>LEGRAS carafe \u00e9maill\u00e9e ouraline ancienne a d\u00e9cor floral, en tr\u00e8s bon \u00e9tat, bouchon d&rsquo;origine<br \/>\nhauteur avec bouchon:24cm<br \/>\ndiam\u00e8tre:9.5cm<\/p>\n","protected":false},"featured_media":22662,"comment_status":"closed","ping_status":"closed","template":"","meta":{"_et_pb_use_builder":"","_et_pb_old_content":"","_et_gb_content_width":""},"product_cat":[10,11],"product_tag":[],"_links":{"self":[{"href":"https:\/\/marneantic.com\/index.php\/wp-json\/wp\/v2\/product\/22661"}],"collection":[{"href":"https:\/\/marneantic.com\/index.php\/wp-json\/wp\/v2\/product"}],"about":[{"href":"https:\/\/marneantic.com\/index.php\/wp-json\/wp\/v2\/types\/product"}],"replies":[{"embeddable":true,"href":"https:\/\/marneantic.com\/index.php\/wp-json\/wp\/v2\/comments?post=22661"}],"wp:featuredmedia":[{"embeddable":true,"href":"https:\/\/marneantic.com\/index.php\/wp-json\/wp\/v2\/media\/22662"}],"wp:attachment":[{"href":"https:\/\/marneantic.com\/index.php\/wp-json\/wp\/v2\/media?parent=22661"}],"wp:term":[{"taxonomy":"product_cat","embeddable":true,"href":"https:\/\/marneantic.com\/index.php\/wp-json\/wp\/v2\/product_cat?post=22661"},{"taxonomy":"product_tag","embeddable":true,"href":"https:\/\/marneantic.com\/index.php\/wp-json\/wp\/v2\/product_tag?post=22661"}],"curies":[{"name":"wp","href":"https:\/\/api.w.org\/{rel}","templated":true}]}}