{"id":22665,"date":"2024-02-16T15:43:12","date_gmt":"2024-02-16T14:43:12","guid":{"rendered":"https:\/\/marneantic.com\/?post_type=product&#038;p=22665"},"modified":"2026-04-14T12:07:11","modified_gmt":"2026-04-14T11:07:11","slug":"legras-verre-emaille-ouraline-ancien","status":"publish","type":"product","link":"https:\/\/marneantic.com\/index.php\/produit\/legras-verre-emaille-ouraline-ancien\/","title":{"rendered":"LEGRAS verre \u00e9maill\u00e9 ouraline ancien"},"content":{"rendered":"","protected":false},"excerpt":{"rendered":"<p>LEGRAS verre \u00e9maill\u00e9 ouraline ancien a d\u00e9cor floral, en tr\u00e8s bon \u00e9tat<br \/>\nhauteur:7.6cm<br \/>\ndiam\u00e8tre du buvant:4.3cm, diam\u00e8tre du pied:4cm<\/p>\n","protected":false},"featured_media":22667,"comment_status":"closed","ping_status":"closed","template":"","meta":{"_et_pb_use_builder":"","_et_pb_old_content":"","_et_gb_content_width":""},"product_cat":[10,30,11],"product_tag":[],"_links":{"self":[{"href":"https:\/\/marneantic.com\/index.php\/wp-json\/wp\/v2\/product\/22665"}],"collection":[{"href":"https:\/\/marneantic.com\/index.php\/wp-json\/wp\/v2\/product"}],"about":[{"href":"https:\/\/marneantic.com\/index.php\/wp-json\/wp\/v2\/types\/product"}],"replies":[{"embeddable":true,"href":"https:\/\/marneantic.com\/index.php\/wp-json\/wp\/v2\/comments?post=22665"}],"wp:featuredmedia":[{"embeddable":true,"href":"https:\/\/marneantic.com\/index.php\/wp-json\/wp\/v2\/media\/22667"}],"wp:attachment":[{"href":"https:\/\/marneantic.com\/index.php\/wp-json\/wp\/v2\/media?parent=22665"}],"wp:term":[{"taxonomy":"product_cat","embeddable":true,"href":"https:\/\/marneantic.com\/index.php\/wp-json\/wp\/v2\/product_cat?post=22665"},{"taxonomy":"product_tag","embeddable":true,"href":"https:\/\/marneantic.com\/index.php\/wp-json\/wp\/v2\/product_tag?post=22665"}],"curies":[{"name":"wp","href":"https:\/\/api.w.org\/{rel}","templated":true}]}}

LEGRAS verre émaillé ouraline ancien

<p>LEGRAS verre émaillé ouraline ancien a décor floral, en très bon état<br />
hauteur:7.6cm<br />
diamètre du buvant:4.3cm, diamètre du pied:4cm</p>
