{"id":22771,"date":"2024-02-27T14:09:33","date_gmt":"2024-02-27T13:09:33","guid":{"rendered":"https:\/\/marneantic.com\/?post_type=product&#038;p=22771"},"modified":"2024-02-27T14:22:25","modified_gmt":"2024-02-27T13:22:25","slug":"drap-ancien-broderies-260x210cm","status":"publish","type":"product","link":"https:\/\/marneantic.com\/index.php\/produit\/drap-ancien-broderies-260x210cm\/","title":{"rendered":"Drap ancien &#8211; broderies: 260x210cm"},"content":{"rendered":"","protected":false},"excerpt":{"rendered":"<p>Drap ancien avec 2 rang\u00e9s de broderies en rajout: 260x210cm en tr\u00e8s bon \u00e9tat, couleur l\u00e9g\u00e8rement \u00e9cru, linge lav\u00e9, v\u00e9rifi\u00e9 et repass\u00e9 sortie d&rsquo;armoire ancienne<\/p>\n","protected":false},"featured_media":22775,"comment_status":"open","ping_status":"closed","template":"","meta":{"_et_pb_use_builder":"","_et_pb_old_content":"","_et_gb_content_width":""},"product_cat":[33],"product_tag":[],"_links":{"self":[{"href":"https:\/\/marneantic.com\/index.php\/wp-json\/wp\/v2\/product\/22771"}],"collection":[{"href":"https:\/\/marneantic.com\/index.php\/wp-json\/wp\/v2\/product"}],"about":[{"href":"https:\/\/marneantic.com\/index.php\/wp-json\/wp\/v2\/types\/product"}],"replies":[{"embeddable":true,"href":"https:\/\/marneantic.com\/index.php\/wp-json\/wp\/v2\/comments?post=22771"}],"wp:featuredmedia":[{"embeddable":true,"href":"https:\/\/marneantic.com\/index.php\/wp-json\/wp\/v2\/media\/22775"}],"wp:attachment":[{"href":"https:\/\/marneantic.com\/index.php\/wp-json\/wp\/v2\/media?parent=22771"}],"wp:term":[{"taxonomy":"product_cat","embeddable":true,"href":"https:\/\/marneantic.com\/index.php\/wp-json\/wp\/v2\/product_cat?post=22771"},{"taxonomy":"product_tag","embeddable":true,"href":"https:\/\/marneantic.com\/index.php\/wp-json\/wp\/v2\/product_tag?post=22771"}],"curies":[{"name":"wp","href":"https:\/\/api.w.org\/{rel}","templated":true}]}}