{"id":23602,"date":"2024-05-19T14:31:09","date_gmt":"2024-05-19T13:31:09","guid":{"rendered":"https:\/\/marneantic.com\/?post_type=product&#038;p=23602"},"modified":"2024-05-19T14:42:21","modified_gmt":"2024-05-19T13:42:21","slug":"carafe-a-liqueur-emaillee-ancienne","status":"publish","type":"product","link":"https:\/\/marneantic.com\/index.php\/produit\/carafe-a-liqueur-emaillee-ancienne\/","title":{"rendered":"Carafe a liqueur \u00e9maill\u00e9e ancienne"},"content":{"rendered":"","protected":false},"excerpt":{"rendered":"<p>Carafe a liqueur \u00e9maill\u00e9e ancienne en bon \u00e9tat, a signaler des micros \u00e9grenures sur la partie rentrante du bouchon<br \/>\nhauteur avec bouchon:25cm<br \/>\ndiam\u00e8tre:7cm<\/p>\n","protected":false},"featured_media":23603,"comment_status":"closed","ping_status":"closed","template":"","meta":{"_et_pb_use_builder":"","_et_pb_old_content":"","_et_gb_content_width":""},"product_cat":[10,11],"product_tag":[],"_links":{"self":[{"href":"https:\/\/marneantic.com\/index.php\/wp-json\/wp\/v2\/product\/23602"}],"collection":[{"href":"https:\/\/marneantic.com\/index.php\/wp-json\/wp\/v2\/product"}],"about":[{"href":"https:\/\/marneantic.com\/index.php\/wp-json\/wp\/v2\/types\/product"}],"replies":[{"embeddable":true,"href":"https:\/\/marneantic.com\/index.php\/wp-json\/wp\/v2\/comments?post=23602"}],"wp:featuredmedia":[{"embeddable":true,"href":"https:\/\/marneantic.com\/index.php\/wp-json\/wp\/v2\/media\/23603"}],"wp:attachment":[{"href":"https:\/\/marneantic.com\/index.php\/wp-json\/wp\/v2\/media?parent=23602"}],"wp:term":[{"taxonomy":"product_cat","embeddable":true,"href":"https:\/\/marneantic.com\/index.php\/wp-json\/wp\/v2\/product_cat?post=23602"},{"taxonomy":"product_tag","embeddable":true,"href":"https:\/\/marneantic.com\/index.php\/wp-json\/wp\/v2\/product_tag?post=23602"}],"curies":[{"name":"wp","href":"https:\/\/api.w.org\/{rel}","templated":true}]}}