{"id":23863,"date":"2024-07-02T13:54:16","date_gmt":"2024-07-02T12:54:16","guid":{"rendered":"https:\/\/marneantic.com\/?post_type=product&#038;p=23863"},"modified":"2024-07-02T14:02:22","modified_gmt":"2024-07-02T13:02:22","slug":"12-couteaux-de-table-art-deco-anciens-en-ecrin","status":"publish","type":"product","link":"https:\/\/marneantic.com\/index.php\/produit\/12-couteaux-de-table-art-deco-anciens-en-ecrin\/","title":{"rendered":"12 couteaux de table art-d\u00e9co anciens en \u00e9crin"},"content":{"rendered":"","protected":false},"excerpt":{"rendered":"<p>12 couteaux de table art-d\u00e9co anciens, manches en corne et lames inox, en tr\u00e8s bon \u00e9tat, longueur:23.7cm, \u00e9crin d&rsquo;origine avec traces d&rsquo;usage<\/p>\n","protected":false},"featured_media":23864,"comment_status":"closed","ping_status":"closed","template":"","meta":{"_et_pb_use_builder":"","_et_pb_old_content":"","_et_gb_content_width":""},"product_cat":[10,44,29],"product_tag":[],"_links":{"self":[{"href":"https:\/\/marneantic.com\/index.php\/wp-json\/wp\/v2\/product\/23863"}],"collection":[{"href":"https:\/\/marneantic.com\/index.php\/wp-json\/wp\/v2\/product"}],"about":[{"href":"https:\/\/marneantic.com\/index.php\/wp-json\/wp\/v2\/types\/product"}],"replies":[{"embeddable":true,"href":"https:\/\/marneantic.com\/index.php\/wp-json\/wp\/v2\/comments?post=23863"}],"wp:featuredmedia":[{"embeddable":true,"href":"https:\/\/marneantic.com\/index.php\/wp-json\/wp\/v2\/media\/23864"}],"wp:attachment":[{"href":"https:\/\/marneantic.com\/index.php\/wp-json\/wp\/v2\/media?parent=23863"}],"wp:term":[{"taxonomy":"product_cat","embeddable":true,"href":"https:\/\/marneantic.com\/index.php\/wp-json\/wp\/v2\/product_cat?post=23863"},{"taxonomy":"product_tag","embeddable":true,"href":"https:\/\/marneantic.com\/index.php\/wp-json\/wp\/v2\/product_tag?post=23863"}],"curies":[{"name":"wp","href":"https:\/\/api.w.org\/{rel}","templated":true}]}}