{"id":23898,"date":"2024-07-02T16:17:30","date_gmt":"2024-07-02T15:17:30","guid":{"rendered":"https:\/\/marneantic.com\/?post_type=product&#038;p=23898"},"modified":"2024-07-02T16:29:38","modified_gmt":"2024-07-02T15:29:38","slug":"baccaratpetit-verre-gobelet-ancien-modele-nancy","status":"publish","type":"product","link":"https:\/\/marneantic.com\/index.php\/produit\/baccaratpetit-verre-gobelet-ancien-modele-nancy\/","title":{"rendered":"BACCARAT:petit verre gobelet ancien mod\u00e8le NANCY"},"content":{"rendered":"","protected":false},"excerpt":{"rendered":"<p>BACCARAT:petit verre gobelet ancien mod\u00e8le NANCY, non estampill\u00e9, production ant\u00e9rieure a 1936, en bon \u00e9tat,hauteur:6.8cm,diametre du buvant:4.6cm,diametre du pied:3.5cm<\/p>\n<p>&nbsp;<\/p>\n","protected":false},"featured_media":23899,"comment_status":"closed","ping_status":"closed","template":"","meta":{"_et_pb_use_builder":"","_et_pb_old_content":"","_et_gb_content_width":""},"product_cat":[10,11],"product_tag":[],"_links":{"self":[{"href":"https:\/\/marneantic.com\/index.php\/wp-json\/wp\/v2\/product\/23898"}],"collection":[{"href":"https:\/\/marneantic.com\/index.php\/wp-json\/wp\/v2\/product"}],"about":[{"href":"https:\/\/marneantic.com\/index.php\/wp-json\/wp\/v2\/types\/product"}],"replies":[{"embeddable":true,"href":"https:\/\/marneantic.com\/index.php\/wp-json\/wp\/v2\/comments?post=23898"}],"wp:featuredmedia":[{"embeddable":true,"href":"https:\/\/marneantic.com\/index.php\/wp-json\/wp\/v2\/media\/23899"}],"wp:attachment":[{"href":"https:\/\/marneantic.com\/index.php\/wp-json\/wp\/v2\/media?parent=23898"}],"wp:term":[{"taxonomy":"product_cat","embeddable":true,"href":"https:\/\/marneantic.com\/index.php\/wp-json\/wp\/v2\/product_cat?post=23898"},{"taxonomy":"product_tag","embeddable":true,"href":"https:\/\/marneantic.com\/index.php\/wp-json\/wp\/v2\/product_tag?post=23898"}],"curies":[{"name":"wp","href":"https:\/\/api.w.org\/{rel}","templated":true}]}}