{"id":24371,"date":"2024-09-23T14:56:22","date_gmt":"2024-09-23T13:56:22","guid":{"rendered":"https:\/\/marneantic.com\/?post_type=product&#038;p=24371"},"modified":"2024-09-23T15:02:33","modified_gmt":"2024-09-23T14:02:33","slug":"vase-ancien-en-faience-emaillee","status":"publish","type":"product","link":"https:\/\/marneantic.com\/index.php\/produit\/vase-ancien-en-faience-emaillee\/","title":{"rendered":"Vase ancien en fa\u00efence \u00e9maill\u00e9e"},"content":{"rendered":"","protected":false},"excerpt":{"rendered":"<p><b><span style=\"font-family: Arial; font-size: large;\">Vase ancien en fa\u00efence \u00e9maill\u00e9e a d\u00e9cor floral, en bon \u00e9tat, marque au dessous a d\u00e9chiffrer<\/span><\/b><\/p>\n<div><b><span style=\"font-family: Arial; font-size: large;\">hauteur:13.2cm<\/span><\/b><\/div>\n<div><b><span style=\"font-family: Arial; font-size: large;\">diam\u00e8tre socle:6.8cm<\/span><\/b><\/div>\n<div><b><span style=\"font-family: Arial; font-size: large;\">diam\u00e8tre haut: 7cm<\/span><\/b><\/div>\n","protected":false},"featured_media":24372,"comment_status":"open","ping_status":"closed","template":"","meta":{"_et_pb_use_builder":"","_et_pb_old_content":"","_et_gb_content_width":""},"product_cat":[14,8],"product_tag":[],"_links":{"self":[{"href":"https:\/\/marneantic.com\/index.php\/wp-json\/wp\/v2\/product\/24371"}],"collection":[{"href":"https:\/\/marneantic.com\/index.php\/wp-json\/wp\/v2\/product"}],"about":[{"href":"https:\/\/marneantic.com\/index.php\/wp-json\/wp\/v2\/types\/product"}],"replies":[{"embeddable":true,"href":"https:\/\/marneantic.com\/index.php\/wp-json\/wp\/v2\/comments?post=24371"}],"wp:featuredmedia":[{"embeddable":true,"href":"https:\/\/marneantic.com\/index.php\/wp-json\/wp\/v2\/media\/24372"}],"wp:attachment":[{"href":"https:\/\/marneantic.com\/index.php\/wp-json\/wp\/v2\/media?parent=24371"}],"wp:term":[{"taxonomy":"product_cat","embeddable":true,"href":"https:\/\/marneantic.com\/index.php\/wp-json\/wp\/v2\/product_cat?post=24371"},{"taxonomy":"product_tag","embeddable":true,"href":"https:\/\/marneantic.com\/index.php\/wp-json\/wp\/v2\/product_tag?post=24371"}],"curies":[{"name":"wp","href":"https:\/\/api.w.org\/{rel}","templated":true}]}}