{"id":24530,"date":"2024-10-14T15:55:39","date_gmt":"2024-10-14T14:55:39","guid":{"rendered":"https:\/\/marneantic.com\/?post_type=product&#038;p=24530"},"modified":"2024-10-14T15:57:48","modified_gmt":"2024-10-14T14:57:48","slug":"baccarat-bonbonniere-drageoir-sucrier-en-cristal-modele-pointe-diamant","status":"publish","type":"product","link":"https:\/\/marneantic.com\/index.php\/produit\/baccarat-bonbonniere-drageoir-sucrier-en-cristal-modele-pointe-diamant\/","title":{"rendered":"BACCARAT: bonbonni\u00e8re\/drageoir\/sucrier en cristal mod\u00e8le POINTE DIAMANT"},"content":{"rendered":"","protected":false},"excerpt":{"rendered":"<div><span style=\"color: #00429a; font-family: Arial; font-size: large;\"><b><u>Bonbonni\u00e8re\/drageoir\/sucrier en cristal sign\u00e9 BACCARAT, mod\u00e8le POINTES DIAMANT.<\/u><\/b><\/span><\/div>\n<div><\/div>\n<div><b>13.5 cm de hauteur.<\/b><\/div>\n<div><b>12 cm de diam\u00e8tre pour le sucrier<\/b><\/div>\n<div><span style=\"color: #00429a; font-family: Arial;\"><b>14.8 cm de diam\u00e8tre pour l&rsquo;assiette.<\/b><\/span><\/div>\n<div><span style=\"color: #00429a; font-family: Arial;\"><b>\u00a0<\/b><\/span><\/div>\n<div><span style=\"color: #00429a;\"><b>Tr\u00e8s bel \u00e9tat. a signaler une petite \u00e9grenure sous le rebord de l&rsquo;assiette, voir photo<\/b><\/span><\/div>\n<div><span style=\"color: #00429a;\"><b>\u00a0<\/b><\/span><\/div>\n<div><span style=\"color: #00429a;\"><b>assiette et sucrier sign\u00e9s en relief<\/b><\/span><\/div>\n","protected":false},"featured_media":24531,"comment_status":"closed","ping_status":"closed","template":"","meta":{"_et_pb_use_builder":"","_et_pb_old_content":"","_et_gb_content_width":""},"product_cat":[10,14,8,11],"product_tag":[],"_links":{"self":[{"href":"https:\/\/marneantic.com\/index.php\/wp-json\/wp\/v2\/product\/24530"}],"collection":[{"href":"https:\/\/marneantic.com\/index.php\/wp-json\/wp\/v2\/product"}],"about":[{"href":"https:\/\/marneantic.com\/index.php\/wp-json\/wp\/v2\/types\/product"}],"replies":[{"embeddable":true,"href":"https:\/\/marneantic.com\/index.php\/wp-json\/wp\/v2\/comments?post=24530"}],"wp:featuredmedia":[{"embeddable":true,"href":"https:\/\/marneantic.com\/index.php\/wp-json\/wp\/v2\/media\/24531"}],"wp:attachment":[{"href":"https:\/\/marneantic.com\/index.php\/wp-json\/wp\/v2\/media?parent=24530"}],"wp:term":[{"taxonomy":"product_cat","embeddable":true,"href":"https:\/\/marneantic.com\/index.php\/wp-json\/wp\/v2\/product_cat?post=24530"},{"taxonomy":"product_tag","embeddable":true,"href":"https:\/\/marneantic.com\/index.php\/wp-json\/wp\/v2\/product_tag?post=24530"}],"curies":[{"name":"wp","href":"https:\/\/api.w.org\/{rel}","templated":true}]}}