{"id":24535,"date":"2024-10-15T12:41:58","date_gmt":"2024-10-15T11:41:58","guid":{"rendered":"https:\/\/marneantic.com\/?post_type=product&#038;p=24535"},"modified":"2024-10-15T12:54:32","modified_gmt":"2024-10-15T11:54:32","slug":"bougeoir-rat-de-cave-ancien-en-tole-emaillee","status":"publish","type":"product","link":"https:\/\/marneantic.com\/index.php\/produit\/bougeoir-rat-de-cave-ancien-en-tole-emaillee\/","title":{"rendered":"Bougeoir rat de cave ancien en tole \u00e9maill\u00e9e"},"content":{"rendered":"","protected":false},"excerpt":{"rendered":"<p>Bougeoir rat de cave ancien en tole \u00e9maill\u00e9e, en bon \u00e9tat, traces d&rsquo;oxydation et \u00e9clats d&rsquo;\u00e9mail, diametre:12cm, hauteur:6cm<\/p>\n","protected":false},"featured_media":24536,"comment_status":"closed","ping_status":"closed","template":"","meta":{"_et_pb_use_builder":"","_et_pb_old_content":"","_et_gb_content_width":""},"product_cat":[8],"product_tag":[],"_links":{"self":[{"href":"https:\/\/marneantic.com\/index.php\/wp-json\/wp\/v2\/product\/24535"}],"collection":[{"href":"https:\/\/marneantic.com\/index.php\/wp-json\/wp\/v2\/product"}],"about":[{"href":"https:\/\/marneantic.com\/index.php\/wp-json\/wp\/v2\/types\/product"}],"replies":[{"embeddable":true,"href":"https:\/\/marneantic.com\/index.php\/wp-json\/wp\/v2\/comments?post=24535"}],"wp:featuredmedia":[{"embeddable":true,"href":"https:\/\/marneantic.com\/index.php\/wp-json\/wp\/v2\/media\/24536"}],"wp:attachment":[{"href":"https:\/\/marneantic.com\/index.php\/wp-json\/wp\/v2\/media?parent=24535"}],"wp:term":[{"taxonomy":"product_cat","embeddable":true,"href":"https:\/\/marneantic.com\/index.php\/wp-json\/wp\/v2\/product_cat?post=24535"},{"taxonomy":"product_tag","embeddable":true,"href":"https:\/\/marneantic.com\/index.php\/wp-json\/wp\/v2\/product_tag?post=24535"}],"curies":[{"name":"wp","href":"https:\/\/api.w.org\/{rel}","templated":true}]}}