{"id":24682,"date":"2024-11-02T14:30:40","date_gmt":"2024-11-02T13:30:40","guid":{"rendered":"https:\/\/marneantic.com\/?post_type=product&#038;p=24682"},"modified":"2024-11-02T14:38:32","modified_gmt":"2024-11-02T13:38:32","slug":"drap-ancien-300x230cm-retour-brode","status":"publish","type":"product","link":"https:\/\/marneantic.com\/index.php\/produit\/drap-ancien-300x230cm-retour-brode\/","title":{"rendered":"Drap ancien 300x230cm &#8211; retour brod\u00e9"},"content":{"rendered":"","protected":false},"excerpt":{"rendered":"<p>Drap ancien 300x230cm &#8211; beau retour brod\u00e9, en bon \u00e9tat ( il se peut que sur nos pi\u00e8ces de linge des petites taches aient \u00e9chapp\u00e9es a notre lavage), linge v\u00e9rifi\u00e9, lav\u00e9 et repass\u00e9<\/p>\n","protected":false},"featured_media":24683,"comment_status":"open","ping_status":"closed","template":"","meta":{"_et_pb_use_builder":"","_et_pb_old_content":"","_et_gb_content_width":""},"product_cat":[33],"product_tag":[],"_links":{"self":[{"href":"https:\/\/marneantic.com\/index.php\/wp-json\/wp\/v2\/product\/24682"}],"collection":[{"href":"https:\/\/marneantic.com\/index.php\/wp-json\/wp\/v2\/product"}],"about":[{"href":"https:\/\/marneantic.com\/index.php\/wp-json\/wp\/v2\/types\/product"}],"replies":[{"embeddable":true,"href":"https:\/\/marneantic.com\/index.php\/wp-json\/wp\/v2\/comments?post=24682"}],"wp:featuredmedia":[{"embeddable":true,"href":"https:\/\/marneantic.com\/index.php\/wp-json\/wp\/v2\/media\/24683"}],"wp:attachment":[{"href":"https:\/\/marneantic.com\/index.php\/wp-json\/wp\/v2\/media?parent=24682"}],"wp:term":[{"taxonomy":"product_cat","embeddable":true,"href":"https:\/\/marneantic.com\/index.php\/wp-json\/wp\/v2\/product_cat?post=24682"},{"taxonomy":"product_tag","embeddable":true,"href":"https:\/\/marneantic.com\/index.php\/wp-json\/wp\/v2\/product_tag?post=24682"}],"curies":[{"name":"wp","href":"https:\/\/api.w.org\/{rel}","templated":true}]}}